{"id":1396,"date":"2022-03-12T16:10:45","date_gmt":"2022-03-12T16:10:45","guid":{"rendered":"http:\/\/ceyalcoop.com\/?page_id=1396"},"modified":"2026-02-18T19:34:02","modified_gmt":"2026-02-18T19:34:02","slug":"cortes-programados","status":"publish","type":"page","link":"https:\/\/ceyalcoop.com\/index.php\/cortes-programados\/","title":{"rendered":"Corte programado"},"content":{"rendered":"<h3><u>Corte de energ\u00eda programado<\/u><\/h3>\n<p>&nbsp;<\/p>\n<p>&nbsp;<\/p>\n<h4 style=\"text-align: justify;\"><strong id=\"im53l\" data-gjs-type=\"no-selected\">Estimados usuarios del servicio de energ\u00eda, se informa que el d\u00eda domingo 22\/02\/2026 realizaremos un corte de energ\u00eda por tareas de mantenimiento de 7.30 hs a 8.00 Hs.<\/strong><\/h4>\n<h4 style=\"text-align: justify;\"><strong id=\"im53l\" data-gjs-type=\"no-selected\">El mismo afectar\u00e1 a toda la Zona Rural, Pueyrred\u00f3n, Tosquita, Washington\u00a0como as\u00ed tambi\u00e9n parte urbana (Barrio Sur ), abarcando el sector comprendido entre las calles: Fulvio Zambroni hasta C.Morelli, y desde Col\u00f3n\u00a0hasta J. Manselle.<\/strong><\/h4>\n<p><strong id=\"im53l\" data-gjs-type=\"no-selected\">Saluda Atte. CEYAL<\/strong><\/p>\n","protected":false},"excerpt":{"rendered":"<p>Corte de energ\u00eda programado &nbsp; &nbsp; Estimados usuarios del servicio de energ\u00eda, se informa que el d\u00eda domingo 22\/02\/2026 realizaremos un corte de energ\u00eda por tareas de mantenimiento de 7.30 hs a 8.00 Hs. El mismo afectar\u00e1 a toda la Zona Rural, Pueyrred\u00f3n, Tosquita, Washington\u00a0como as\u00ed tambi\u00e9n parte urbana (Barrio Sur ), abarcando el sector [&hellip;]<\/p>\n","protected":false},"author":3,"featured_media":0,"parent":0,"menu_order":0,"comment_status":"closed","ping_status":"closed","template":"","meta":{"footnotes":""},"class_list":["post-1396","page","type-page","status-publish","hentry"],"_links":{"self":[{"href":"https:\/\/ceyalcoop.com\/index.php\/wp-json\/wp\/v2\/pages\/1396","targetHints":{"allow":["GET"]}}],"collection":[{"href":"https:\/\/ceyalcoop.com\/index.php\/wp-json\/wp\/v2\/pages"}],"about":[{"href":"https:\/\/ceyalcoop.com\/index.php\/wp-json\/wp\/v2\/types\/page"}],"author":[{"embeddable":true,"href":"https:\/\/ceyalcoop.com\/index.php\/wp-json\/wp\/v2\/users\/3"}],"replies":[{"embeddable":true,"href":"https:\/\/ceyalcoop.com\/index.php\/wp-json\/wp\/v2\/comments?post=1396"}],"version-history":[{"count":130,"href":"https:\/\/ceyalcoop.com\/index.php\/wp-json\/wp\/v2\/pages\/1396\/revisions"}],"predecessor-version":[{"id":6667,"href":"https:\/\/ceyalcoop.com\/index.php\/wp-json\/wp\/v2\/pages\/1396\/revisions\/6667"}],"wp:attachment":[{"href":"https:\/\/ceyalcoop.com\/index.php\/wp-json\/wp\/v2\/media?parent=1396"}],"curies":[{"name":"wp","href":"https:\/\/api.w.org\/{rel}","templated":true}]}}