{"id":1421,"date":"2022-03-14T11:13:46","date_gmt":"2022-03-14T11:13:46","guid":{"rendered":"http:\/\/ceyalcoop.com\/?page_id=1421"},"modified":"2026-01-30T15:08:27","modified_gmt":"2026-01-30T15:08:27","slug":"fabrica-de-columnas","status":"publish","type":"page","link":"https:\/\/ceyalcoop.com\/index.php\/fabrica-de-columnas\/","title":{"rendered":"F\u00e1brica de Columnas."},"content":{"rendered":"\t\t<div data-elementor-type=\"wp-page\" data-elementor-id=\"1421\" class=\"elementor elementor-1421\" data-elementor-post-type=\"page\">\n\t\t\t\t\t\t<section class=\"elementor-section elementor-top-section elementor-element elementor-element-77bc57a elementor-section-boxed elementor-section-height-default elementor-section-height-default\" data-id=\"77bc57a\" data-element_type=\"section\" data-e-type=\"section\">\n\t\t\t\t\t\t<div class=\"elementor-container elementor-column-gap-default\">\n\t\t\t\t\t<div class=\"elementor-column elementor-col-100 elementor-top-column elementor-element elementor-element-b21d50a\" data-id=\"b21d50a\" data-element_type=\"column\" data-e-type=\"column\">\n\t\t\t<div class=\"elementor-widget-wrap elementor-element-populated\">\n\t\t\t\t\t\t<div class=\"elementor-element elementor-element-8cc0669 elementor-widget elementor-widget-heading\" data-id=\"8cc0669\" data-element_type=\"widget\" data-e-type=\"widget\" data-widget_type=\"heading.default\">\n\t\t\t\t<div class=\"elementor-widget-container\">\n\t\t\t\t\t<h1 class=\"elementor-heading-title elementor-size-default\">F\u00e1brica de Columnas.<\/h1>\t\t\t\t<\/div>\n\t\t\t\t<\/div>\n\t\t\t\t\t<\/div>\n\t\t<\/div>\n\t\t\t\t\t<\/div>\n\t\t<\/section>\n\t\t\t\t<section class=\"elementor-section elementor-top-section elementor-element elementor-element-5c42688 elementor-section-boxed elementor-section-height-default elementor-section-height-default\" data-id=\"5c42688\" data-element_type=\"section\" data-e-type=\"section\">\n\t\t\t\t\t\t<div class=\"elementor-container elementor-column-gap-default\">\n\t\t\t\t\t<div class=\"elementor-column elementor-col-100 elementor-top-column elementor-element elementor-element-bdd7c8e\" data-id=\"bdd7c8e\" data-element_type=\"column\" data-e-type=\"column\">\n\t\t\t<div class=\"elementor-widget-wrap elementor-element-populated\">\n\t\t\t\t\t\t<div class=\"elementor-element elementor-element-d9500e7 elementor-widget elementor-widget-heading\" data-id=\"d9500e7\" data-element_type=\"widget\" data-e-type=\"widget\" data-widget_type=\"heading.default\">\n\t\t\t\t<div class=\"elementor-widget-container\">\n\t\t\t\t\t<h2 class=\"elementor-heading-title elementor-size-default\">Precios.<\/h2>\t\t\t\t<\/div>\n\t\t\t\t<\/div>\n\t\t\t\t\t<\/div>\n\t\t<\/div>\n\t\t\t\t\t<\/div>\n\t\t<\/section>\n\t\t\t\t<section class=\"elementor-section elementor-top-section elementor-element elementor-element-7951876 elementor-section-boxed elementor-section-height-default elementor-section-height-default\" data-id=\"7951876\" data-element_type=\"section\" data-e-type=\"section\">\n\t\t\t\t\t\t<div class=\"elementor-container elementor-column-gap-default\">\n\t\t\t\t\t<div class=\"elementor-column elementor-col-100 elementor-top-column elementor-element elementor-element-d97a450\" data-id=\"d97a450\" data-element_type=\"column\" data-e-type=\"column\">\n\t\t\t<div class=\"elementor-widget-wrap elementor-element-populated\">\n\t\t\t\t\t\t<div class=\"elementor-element elementor-element-ae6e9a1 elementor-widget elementor-widget-text-editor\" data-id=\"ae6e9a1\" data-element_type=\"widget\" data-e-type=\"widget\" data-widget_type=\"text-editor.default\">\n\t\t\t\t<div class=\"elementor-widget-container\">\n\t\t\t\t\t\t\t\t\t<table width=\"463\"><tbody><tr><td colspan=\"3\" width=\"431\"><strong><span style=\"vertical-align: inherit;\"><span style=\"vertical-align: inherit;\">NUEVOS VALORES F\u00c1BRICA COLUMNAS<\/span><\/span><\/strong><\/td><\/tr><tr><td><strong><span style=\"vertical-align: inherit;\">N\u00ba de art\u00edculo<\/span><\/strong><\/td><td><strong><span style=\"vertical-align: inherit;\">Denominaci\u00f3n<\/span><\/strong><\/td><td><strong><span style=\"vertical-align: inherit;\">PRECIO + IVA<\/span><\/strong><\/td><\/tr><tr><td><strong><span style=\"text-decoration: underline;\">Pilares prefabricados<\/span><\/strong><\/td><td><p><strong>Monof\u00e1sico\u00a0<\/strong><\/p><p><strong>Trif\u00e1sico\u00a0<\/strong><\/p><\/td><td><p><strong>$201300.00<\/strong><\/p><p><strong>$245850.00<\/strong><\/p><\/td><\/tr><tr><td><strong><span style=\"vertical-align: inherit;\"><span style=\"vertical-align: inherit;\">1<\/span><\/span><\/strong><\/td><td><strong><span style=\"vertical-align: inherit;\"><span style=\"vertical-align: inherit;\">Columna R de 12,00 2400<\/span><\/span><\/strong><\/td><td><strong><span style=\"vertical-align: inherit;\"><span style=\"vertical-align: inherit;\">$1483979.27<\/span><\/span><\/strong><\/td><\/tr><tr><td><strong><span style=\"vertical-align: inherit;\"><span style=\"vertical-align: inherit;\">2<\/span><\/span><\/strong><\/td><td><strong><span style=\"vertical-align: inherit;\"><span style=\"vertical-align: inherit;\">Columna R de 12,00 1500<\/span><\/span><\/strong><\/td><td><strong><span style=\"vertical-align: inherit;\"><span style=\"vertical-align: inherit;\">$1085161.78<\/span><\/span><\/strong><\/td><\/tr><tr><td><strong><span style=\"vertical-align: inherit;\"><span style=\"vertical-align: inherit;\">2-b<\/span><\/span><\/strong><\/td><td><strong><span style=\"vertical-align: inherit;\"><span style=\"vertical-align: inherit;\">Columna R de 12,00 400<\/span><\/span><\/strong><\/td><td><strong><span style=\"vertical-align: inherit;\"><span style=\"vertical-align: inherit;\">$809870.93<\/span><\/span><\/strong><\/td><\/tr><tr><td><strong><span style=\"vertical-align: inherit;\"><span style=\"vertical-align: inherit;\">3<\/span><\/span><\/strong><\/td><td><strong><span style=\"vertical-align: inherit;\"><span style=\"vertical-align: inherit;\">Columna R de 09,00\/1800<\/span><\/span><\/strong><\/td><td><strong><span style=\"vertical-align: inherit;\"><span style=\"vertical-align: inherit;\">$933152.33<\/span><\/span><\/strong><\/td><\/tr><tr><td><strong><span style=\"vertical-align: inherit;\"><span style=\"vertical-align: inherit;\">4<\/span><\/span><\/strong><\/td><td><strong><span style=\"vertical-align: inherit;\"><span style=\"vertical-align: inherit;\">Columna R de 8,50\/1800<\/span><\/span><\/strong><\/td><td><strong><span style=\"vertical-align: inherit;\"><span style=\"vertical-align: inherit;\">$870420.91<\/span><\/span><\/strong><\/td><\/tr><tr><td><strong><span style=\"vertical-align: inherit;\"><span style=\"vertical-align: inherit;\">4-b<\/span><\/span><\/strong><\/td><td><strong><span style=\"vertical-align: inherit;\"><span style=\"vertical-align: inherit;\">Columna R de 8,50\/750<\/span><\/span><\/strong><\/td><td><strong><span style=\"vertical-align: inherit;\"><span style=\"vertical-align: inherit;\">$567264.72<\/span><\/span><\/strong><\/td><\/tr><tr><td><strong><span style=\"vertical-align: inherit;\"><span style=\"vertical-align: inherit;\">5-b<\/span><\/span><\/strong><\/td><td><strong><span style=\"vertical-align: inherit;\"><span style=\"vertical-align: inherit;\">Columna T de 9,00\/400<\/span><\/span><\/strong><\/td><td><strong><span style=\"vertical-align: inherit;\"><span style=\"vertical-align: inherit;\">$318636.94<\/span><\/span><\/strong><\/td><\/tr><tr><td><strong><span style=\"vertical-align: inherit;\"><span style=\"vertical-align: inherit;\">5<\/span><\/span><\/strong><\/td><td><strong><span style=\"vertical-align: inherit;\"><span style=\"vertical-align: inherit;\">Columna T de 8,50\/400<\/span><\/span><\/strong><\/td><td><strong><span style=\"vertical-align: inherit;\"><span style=\"vertical-align: inherit;\">$283718.26<\/span><\/span><\/strong><\/td><\/tr><tr><td><strong><span style=\"vertical-align: inherit;\"><span style=\"vertical-align: inherit;\">6<\/span><\/span><\/strong><\/td><td><strong><span style=\"vertical-align: inherit;\"><span style=\"vertical-align: inherit;\">Crucetas MN 155<\/span><\/span><\/strong><\/td><td><strong><span style=\"vertical-align: inherit;\"><span style=\"vertical-align: inherit;\">$131643.97<\/span><\/span><\/strong><\/td><\/tr><tr><td><strong><span style=\"vertical-align: inherit;\"><span style=\"vertical-align: inherit;\">7<\/span><\/span><\/strong><\/td><td><strong><span style=\"vertical-align: inherit;\"><span style=\"vertical-align: inherit;\">Plataforma para subestaci\u00f3n rural<\/span><\/span><\/strong><\/td><td><strong><span style=\"vertical-align: inherit;\"><span style=\"vertical-align: inherit;\">$222232.85<\/span><\/span><\/strong><\/td><\/tr><tr><td><strong><span style=\"vertical-align: inherit;\"><span style=\"vertical-align: inherit;\">8<\/span><\/span><\/strong><\/td><td><strong><span style=\"vertical-align: inherit;\"><span style=\"vertical-align: inherit;\">Plataforma para subestaci\u00f3n urbana<\/span><\/span><\/strong><\/td><td><strong><span style=\"vertical-align: inherit;\"><span style=\"vertical-align: inherit;\">$666627.53<\/span><\/span><\/strong><\/td><\/tr><tr><td><strong><span style=\"vertical-align: inherit;\"><span style=\"vertical-align: inherit;\">9-<\/span><\/span><\/strong><\/td><td><strong><span style=\"vertical-align: inherit;\"><span style=\"vertical-align: inherit;\">Poste olimp.\u00a0<\/span><\/span><\/strong><b>alineaci\u00f3n<\/b><\/td><td><strong><span style=\"vertical-align: inherit;\"><span style=\"vertical-align: inherit;\">$54054.93<\/span><\/span><\/strong><\/td><\/tr><tr><td><strong><span style=\"vertical-align: inherit;\"><span style=\"vertical-align: inherit;\">9-II<\/span><\/span><\/strong><\/td><td><strong><span style=\"vertical-align: inherit;\"><span style=\"vertical-align: inherit;\">Poste olimp. <\/span><span style=\"vertical-align: inherit;\">Alineaci\u00f3n Econ\u00f3mico<\/span><\/span><\/strong><\/td><td><strong><span style=\"vertical-align: inherit;\"><span style=\"vertical-align: inherit;\">$47108.87<\/span><\/span><\/strong><\/td><\/tr><tr><td><strong><span style=\"vertical-align: inherit;\"><span style=\"vertical-align: inherit;\">10<\/span><\/span><\/strong><\/td><td><strong><span style=\"vertical-align: inherit;\"><span style=\"vertical-align: inherit;\">Poste olimp. <\/span><span style=\"vertical-align: inherit;\">Esquinero<\/span><\/span><\/strong><\/td><td><strong><span style=\"vertical-align: inherit;\"><span style=\"vertical-align: inherit;\">$96437.69<\/span><\/span><\/strong><\/td><\/tr><tr><td><strong><span style=\"vertical-align: inherit;\"><span style=\"vertical-align: inherit;\">11<\/span><\/span><\/strong><\/td><td><strong><span style=\"vertical-align: inherit;\"><span style=\"vertical-align: inherit;\">Plancha p\/ muros<\/span><\/span><\/strong><\/td><td><strong><span style=\"vertical-align: inherit;\"><span style=\"vertical-align: inherit;\">$59187.36<\/span><\/span><\/strong><\/td><\/tr><tr><td><strong><span style=\"vertical-align: inherit;\"><span style=\"vertical-align: inherit;\">12<\/span><\/span><\/strong><\/td><td><strong><span style=\"vertical-align: inherit;\"><span style=\"vertical-align: inherit;\">Uni\u00f3n de planchas<\/span><\/span><\/strong><\/td><td><strong><span style=\"vertical-align: inherit;\"><span style=\"vertical-align: inherit;\">$41291.06<\/span><\/span><\/strong><\/td><\/tr><tr><td><strong><span style=\"vertical-align: inherit;\"><span style=\"vertical-align: inherit;\">13<\/span><\/span><\/strong><\/td><td><strong><span style=\"vertical-align: inherit;\"><span style=\"vertical-align: inherit;\">Poste p\/hip\u00f3dromo<\/span><\/span><\/strong><\/td><td><strong><span style=\"vertical-align: inherit;\"><span style=\"vertical-align: inherit;\">$25542.16<\/span><\/span><\/strong><\/td><\/tr><tr><td><strong><span style=\"vertical-align: inherit;\"><span style=\"vertical-align: inherit;\">14<\/span><\/span><\/strong><\/td><td><strong><span style=\"vertical-align: inherit;\"><span style=\"vertical-align: inherit;\">Puntal p\/ esquinero<\/span><\/span><\/strong><\/td><td><strong><span style=\"vertical-align: inherit;\"><span style=\"vertical-align: inherit;\">$34005.42<\/span><\/span><\/strong><\/td><\/tr><tr><td><strong><span style=\"vertical-align: inherit;\"><span style=\"vertical-align: inherit;\">15<\/span><\/span><\/strong><\/td><td><strong><span style=\"vertical-align: inherit;\"><span style=\"vertical-align: inherit;\">Canteros<\/span><\/span><\/strong><\/td><td><strong><span style=\"vertical-align: inherit;\"><span style=\"vertical-align: inherit;\">$32353.92<\/span><\/span><\/strong><\/td><\/tr><tr><td><strong><span style=\"vertical-align: inherit;\"><span style=\"vertical-align: inherit;\">16<\/span><\/span><\/strong><\/td><td><span style=\"vertical-align: inherit;\"><span style=\"vertical-align: inherit;\"><b>Cantero p\/ c\u00e1mara (agua)<\/b><\/span><\/span><\/td><td><p><strong><span style=\"vertical-align: inherit;\"><span style=\"vertical-align: inherit;\">$62593.26<\/span><\/span><\/strong><\/p><\/td><\/tr><\/tbody><\/table><p>\u00a0<\/p>\t\t\t\t\t\t\t\t<\/div>\n\t\t\t\t<\/div>\n\t\t\t\t\t<\/div>\n\t\t<\/div>\n\t\t\t\t\t<\/div>\n\t\t<\/section>\n\t\t\t\t<section class=\"elementor-section elementor-top-section elementor-element elementor-element-331540e elementor-section-boxed elementor-section-height-default elementor-section-height-default\" data-id=\"331540e\" data-element_type=\"section\" data-e-type=\"section\">\n\t\t\t\t\t\t<div class=\"elementor-container elementor-column-gap-default\">\n\t\t\t\t\t<div class=\"elementor-column elementor-col-100 elementor-top-column elementor-element elementor-element-df799fa\" data-id=\"df799fa\" data-element_type=\"column\" data-e-type=\"column\">\n\t\t\t<div class=\"elementor-widget-wrap elementor-element-populated\">\n\t\t\t\t\t\t<div class=\"elementor-element elementor-element-47a7f55 elementor-widget elementor-widget-heading\" data-id=\"47a7f55\" data-element_type=\"widget\" data-e-type=\"widget\" data-widget_type=\"heading.default\">\n\t\t\t\t<div class=\"elementor-widget-container\">\n\t\t\t\t\t<h2 class=\"elementor-heading-title elementor-size-default\">Cat\u00e1logo.<\/h2>\t\t\t\t<\/div>\n\t\t\t\t<\/div>\n\t\t\t\t\t<\/div>\n\t\t<\/div>\n\t\t\t\t\t<\/div>\n\t\t<\/section>\n\t\t\t\t<section class=\"elementor-section elementor-top-section elementor-element elementor-element-534337c elementor-section-boxed elementor-section-height-default elementor-section-height-default\" data-id=\"534337c\" data-element_type=\"section\" data-e-type=\"section\">\n\t\t\t\t\t\t<div class=\"elementor-container elementor-column-gap-default\">\n\t\t\t\t\t<div class=\"elementor-column elementor-col-100 elementor-top-column elementor-element elementor-element-4f3a9d2\" data-id=\"4f3a9d2\" data-element_type=\"column\" data-e-type=\"column\">\n\t\t\t<div class=\"elementor-widget-wrap elementor-element-populated\">\n\t\t\t\t\t\t<div class=\"elementor-element elementor-element-7cdfccc elementor-widget elementor-widget-text-editor\" data-id=\"7cdfccc\" data-element_type=\"widget\" data-e-type=\"widget\" data-widget_type=\"text-editor.default\">\n\t\t\t\t<div class=\"elementor-widget-container\">\n\t\t\t\t\t\t\t\t\t<p><strong>Sr. Usuario,<\/strong><\/p><p><strong>Estamos trabajando para brindarle un mejor servicio, pr\u00f3ximamente Ud. podr\u00e1 contar en la WEB con toda la informaci\u00f3n relevante para su comodidad.<\/strong><\/p><p><strong>Para cualquier consulta puede comunicarse a:<\/strong><\/p><ul><li><strong>Guardia: (03583) 480000 \u2013 488888<\/strong><\/li><li><strong>Correo Electr\u00f3nico: ceyalcoop@ceyalcoop.com.ar<\/strong><\/li><\/ul>\t\t\t\t\t\t\t\t<\/div>\n\t\t\t\t<\/div>\n\t\t\t\t\t<\/div>\n\t\t<\/div>\n\t\t\t\t\t<\/div>\n\t\t<\/section>\n\t\t\t\t<section class=\"elementor-section elementor-top-section elementor-element elementor-element-c18e5cb elementor-section-boxed elementor-section-height-default elementor-section-height-default\" data-id=\"c18e5cb\" data-element_type=\"section\" data-e-type=\"section\">\n\t\t\t\t\t\t<div class=\"elementor-container elementor-column-gap-default\">\n\t\t\t\t\t<div class=\"elementor-column elementor-col-100 elementor-top-column elementor-element elementor-element-74d282d\" data-id=\"74d282d\" data-element_type=\"column\" data-e-type=\"column\">\n\t\t\t<div class=\"elementor-widget-wrap elementor-element-populated\">\n\t\t\t\t\t\t<div class=\"elementor-element elementor-element-482865f elementor-widget elementor-widget-image\" data-id=\"482865f\" data-element_type=\"widget\" data-e-type=\"widget\" data-widget_type=\"image.default\">\n\t\t\t\t<div class=\"elementor-widget-container\">\n\t\t\t\t\t\t\t\t\t\t\t\t\t\t\t<img fetchpriority=\"high\" decoding=\"async\" width=\"800\" height=\"534\" src=\"https:\/\/ceyalcoop.com\/wp-content\/uploads\/2022\/03\/DEI00308-1024x683.jpg\" class=\"attachment-large size-large wp-image-1502\" alt=\"\" srcset=\"https:\/\/ceyalcoop.com\/wp-content\/uploads\/2022\/03\/DEI00308-1024x683.jpg 1024w, https:\/\/ceyalcoop.com\/wp-content\/uploads\/2022\/03\/DEI00308-300x200.jpg 300w, https:\/\/ceyalcoop.com\/wp-content\/uploads\/2022\/03\/DEI00308-768x512.jpg 768w, https:\/\/ceyalcoop.com\/wp-content\/uploads\/2022\/03\/DEI00308-1536x1024.jpg 1536w, https:\/\/ceyalcoop.com\/wp-content\/uploads\/2022\/03\/DEI00308.jpg 1620w\" sizes=\"(max-width: 800px) 100vw, 800px\" \/>\t\t\t\t\t\t\t\t\t\t\t\t\t\t\t<\/div>\n\t\t\t\t<\/div>\n\t\t\t\t\t<\/div>\n\t\t<\/div>\n\t\t\t\t\t<\/div>\n\t\t<\/section>\n\t\t\t\t<\/div>\n\t\t","protected":false},"excerpt":{"rendered":"<p>F\u00e1brica de Columnas. Precios. NUEVOS VALORES F\u00c1BRICA COLUMNAS N\u00ba de art\u00edculo Denominaci\u00f3n PRECIO + IVA Pilares prefabricados Monof\u00e1sico\u00a0 Trif\u00e1sico\u00a0 $201300.00 $245850.00 1 Columna R de 12,00 2400 $1483979.27 2 Columna R de 12,00 1500 $1085161.78 2-b Columna R de 12,00 400 $809870.93 3 Columna R de 09,00\/1800 $933152.33 4 Columna R de 8,50\/1800 $870420.91 4-b [&hellip;]<\/p>\n","protected":false},"author":3,"featured_media":0,"parent":0,"menu_order":0,"comment_status":"closed","ping_status":"closed","template":"","meta":{"footnotes":""},"class_list":["post-1421","page","type-page","status-publish","hentry"],"_links":{"self":[{"href":"https:\/\/ceyalcoop.com\/index.php\/wp-json\/wp\/v2\/pages\/1421","targetHints":{"allow":["GET"]}}],"collection":[{"href":"https:\/\/ceyalcoop.com\/index.php\/wp-json\/wp\/v2\/pages"}],"about":[{"href":"https:\/\/ceyalcoop.com\/index.php\/wp-json\/wp\/v2\/types\/page"}],"author":[{"embeddable":true,"href":"https:\/\/ceyalcoop.com\/index.php\/wp-json\/wp\/v2\/users\/3"}],"replies":[{"embeddable":true,"href":"https:\/\/ceyalcoop.com\/index.php\/wp-json\/wp\/v2\/comments?post=1421"}],"version-history":[{"count":42,"href":"https:\/\/ceyalcoop.com\/index.php\/wp-json\/wp\/v2\/pages\/1421\/revisions"}],"predecessor-version":[{"id":6646,"href":"https:\/\/ceyalcoop.com\/index.php\/wp-json\/wp\/v2\/pages\/1421\/revisions\/6646"}],"wp:attachment":[{"href":"https:\/\/ceyalcoop.com\/index.php\/wp-json\/wp\/v2\/media?parent=1421"}],"curies":[{"name":"wp","href":"https:\/\/api.w.org\/{rel}","templated":true}]}}