{"id":172,"date":"2022-02-15T12:54:37","date_gmt":"2022-02-15T12:54:37","guid":{"rendered":"http:\/\/ceyalcoop.com\/?page_id=172"},"modified":"2022-03-14T12:58:56","modified_gmt":"2022-03-14T12:58:56","slug":"fm-pertenecer","status":"publish","type":"page","link":"https:\/\/ceyalcoop.com\/index.php\/fm-pertenecer\/","title":{"rendered":"Fm pertenecer"},"content":{"rendered":"\t\t<div data-elementor-type=\"wp-page\" data-elementor-id=\"172\" class=\"elementor elementor-172\" data-elementor-post-type=\"page\">\n\t\t\t\t\t\t<section class=\"elementor-section elementor-top-section elementor-element elementor-element-0848e84 elementor-section-boxed elementor-section-height-default elementor-section-height-default\" data-id=\"0848e84\" data-element_type=\"section\" data-e-type=\"section\">\n\t\t\t\t\t\t<div class=\"elementor-container elementor-column-gap-default\">\n\t\t\t\t\t<div class=\"elementor-column elementor-col-100 elementor-top-column elementor-element elementor-element-8b6fa3d\" data-id=\"8b6fa3d\" data-element_type=\"column\" data-e-type=\"column\">\n\t\t\t<div class=\"elementor-widget-wrap elementor-element-populated\">\n\t\t\t\t\t\t<div class=\"elementor-element elementor-element-1845b13 elementor-widget elementor-widget-heading\" data-id=\"1845b13\" data-element_type=\"widget\" data-e-type=\"widget\" data-widget_type=\"heading.default\">\n\t\t\t\t<div class=\"elementor-widget-container\">\n\t\t\t\t\t<h2 class=\"elementor-heading-title elementor-size-default\">FM Pertenecer 89.5 - Radio cooperativa online.<\/h2>\t\t\t\t<\/div>\n\t\t\t\t<\/div>\n\t\t\t\t\t<\/div>\n\t\t<\/div>\n\t\t\t\t\t<\/div>\n\t\t<\/section>\n\t\t\t\t<section class=\"elementor-section elementor-top-section elementor-element elementor-element-519b11f elementor-section-boxed elementor-section-height-default elementor-section-height-default\" data-id=\"519b11f\" data-element_type=\"section\" data-e-type=\"section\">\n\t\t\t\t\t\t<div class=\"elementor-container elementor-column-gap-default\">\n\t\t\t\t\t<div class=\"elementor-column elementor-col-100 elementor-top-column elementor-element elementor-element-9cd7a74\" data-id=\"9cd7a74\" data-element_type=\"column\" data-e-type=\"column\">\n\t\t\t<div class=\"elementor-widget-wrap elementor-element-populated\">\n\t\t\t\t\t\t<div class=\"elementor-element elementor-element-3ddcb72 elementor-widget elementor-widget-image\" data-id=\"3ddcb72\" data-element_type=\"widget\" data-e-type=\"widget\" data-widget_type=\"image.default\">\n\t\t\t\t<div class=\"elementor-widget-container\">\n\t\t\t\t\t\t\t\t\t\t\t\t\t\t\t<img decoding=\"async\" width=\"300\" height=\"149\" data-src=\"https:\/\/ceyalcoop.com\/wp-content\/uploads\/2022\/03\/logo-radio-300x149-1.jpg\" class=\"attachment-large size-large wp-image-1483 lazyload\" alt=\"\" src=\"data:image\/svg+xml;base64,PHN2ZyB3aWR0aD0iMSIgaGVpZ2h0PSIxIiB4bWxucz0iaHR0cDovL3d3dy53My5vcmcvMjAwMC9zdmciPjwvc3ZnPg==\" style=\"--smush-placeholder-width: 300px; --smush-placeholder-aspect-ratio: 300\/149;\" \/>\t\t\t\t\t\t\t\t\t\t\t\t\t\t\t<\/div>\n\t\t\t\t<\/div>\n\t\t\t\t<div class=\"elementor-element elementor-element-a6b3218 elementor-widget elementor-widget-html\" data-id=\"a6b3218\" data-element_type=\"widget\" data-e-type=\"widget\" data-widget_type=\"html.default\">\n\t\t\t\t<div class=\"elementor-widget-container\">\n\t\t\t\t\t<!-- BEGINS: AUTO-GENERATED MUSES RADIO PLAYER CODE -->\r\n<script type=\"text\/javascript\" src=\"https:\/\/hosted.muses.org\/mrp.js\"><\/script>\r\n<script type=\"text\/javascript\">\r\nMRP.insert({\r\n'url':'https:\/\/sonicpanel.hostradios.com\/8782\/stream?1647262292984',\r\n'codec':'mp3',\r\n'volume':65,\r\n'autoplay':false,\r\n'jsevents':true,\r\n'buffering':0,\r\n'title':'FM PERTENECER',\r\n'wmode':'transparent',\r\n'skin':'mcclean',\r\n'width':180,\r\n'height':60\r\n});\r\n<\/script>\r\n<!-- ENDS: AUTO-GENERATED MUSES RADIO PLAYER CODE -->\t\t\t\t<\/div>\n\t\t\t\t<\/div>\n\t\t\t\t<div class=\"elementor-element elementor-element-e770305 elementor-widget elementor-widget-heading\" data-id=\"e770305\" data-element_type=\"widget\" data-e-type=\"widget\" data-widget_type=\"heading.default\">\n\t\t\t\t<div class=\"elementor-widget-container\">\n\t\t\t\t\t<h3 class=\"elementor-heading-title elementor-size-default\">Clasificados FM.<\/h3>\t\t\t\t<\/div>\n\t\t\t\t<\/div>\n\t\t\t\t\t<\/div>\n\t\t<\/div>\n\t\t\t\t\t<\/div>\n\t\t<\/section>\n\t\t\t\t<section class=\"elementor-section elementor-top-section elementor-element elementor-element-ae837a9 elementor-section-boxed elementor-section-height-default elementor-section-height-default\" data-id=\"ae837a9\" data-element_type=\"section\" data-e-type=\"section\">\n\t\t\t\t\t\t<div class=\"elementor-container elementor-column-gap-default\">\n\t\t\t\t\t<div class=\"elementor-column elementor-col-100 elementor-top-column elementor-element elementor-element-72808a2\" data-id=\"72808a2\" data-element_type=\"column\" data-e-type=\"column\">\n\t\t\t<div class=\"elementor-widget-wrap elementor-element-populated\">\n\t\t\t\t\t\t<div class=\"elementor-element elementor-element-242c677 elementor-widget elementor-widget-text-editor\" data-id=\"242c677\" data-element_type=\"widget\" data-e-type=\"widget\" data-widget_type=\"text-editor.default\">\n\t\t\t\t<div class=\"elementor-widget-container\">\n\t\t\t\t\t\t\t\t\t<p><strong>Nuevo servicio y espacio de FM Pertenecer 89.5 MHZ<\/strong><\/p><p>Desde nuestra Radio cooperativa, ofrecemos a toda la comunidad la posibilidad de publicar avisos clasificados no comerciales, sin cargo.<\/p><p>Cont\u00e1ctenos.<\/p>\t\t\t\t\t\t\t\t<\/div>\n\t\t\t\t<\/div>\n\t\t\t\t<div class=\"elementor-element elementor-element-b5653ad elementor-widget elementor-widget-text-editor\" data-id=\"b5653ad\" data-element_type=\"widget\" data-e-type=\"widget\" data-widget_type=\"text-editor.default\">\n\t\t\t\t<div class=\"elementor-widget-container\">\n\t\t\t\t\t\t\t\t\t<p><strong>Direcci\u00f3n<\/strong> Argentino Julio Roca 1015, Vicu\u00f1a Mackenna, C\u00f3rdoba.<\/p><p><strong>Tel\u00e9fono 03583 480666<\/strong><\/p>\t\t\t\t\t\t\t\t<\/div>\n\t\t\t\t<\/div>\n\t\t\t\t\t<\/div>\n\t\t<\/div>\n\t\t\t\t\t<\/div>\n\t\t<\/section>\n\t\t\t\t<section class=\"elementor-section elementor-top-section elementor-element elementor-element-c1cfc29 elementor-section-boxed elementor-section-height-default elementor-section-height-default\" data-id=\"c1cfc29\" data-element_type=\"section\" data-e-type=\"section\">\n\t\t\t\t\t\t<div class=\"elementor-container elementor-column-gap-default\">\n\t\t\t\t\t<div class=\"elementor-column elementor-col-100 elementor-top-column elementor-element elementor-element-6ee3499\" data-id=\"6ee3499\" data-element_type=\"column\" data-e-type=\"column\">\n\t\t\t<div class=\"elementor-widget-wrap\">\n\t\t\t\t\t\t\t<\/div>\n\t\t<\/div>\n\t\t\t\t\t<\/div>\n\t\t<\/section>\n\t\t\t\t<\/div>\n\t\t","protected":false},"excerpt":{"rendered":"<p>FM Pertenecer 89.5 &#8211; Radio cooperativa online. Clasificados FM. Nuevo servicio y espacio de FM Pertenecer 89.5 MHZ Desde nuestra Radio cooperativa, ofrecemos a toda la comunidad la posibilidad de publicar avisos clasificados no comerciales, sin cargo. Cont\u00e1ctenos. Direcci\u00f3n Argentino Julio Roca 1015, Vicu\u00f1a Mackenna, C\u00f3rdoba. Tel\u00e9fono 03583 480666<\/p>\n","protected":false},"author":3,"featured_media":0,"parent":0,"menu_order":0,"comment_status":"closed","ping_status":"closed","template":"","meta":{"footnotes":""},"class_list":["post-172","page","type-page","status-publish","hentry"],"_links":{"self":[{"href":"https:\/\/ceyalcoop.com\/index.php\/wp-json\/wp\/v2\/pages\/172","targetHints":{"allow":["GET"]}}],"collection":[{"href":"https:\/\/ceyalcoop.com\/index.php\/wp-json\/wp\/v2\/pages"}],"about":[{"href":"https:\/\/ceyalcoop.com\/index.php\/wp-json\/wp\/v2\/types\/page"}],"author":[{"embeddable":true,"href":"https:\/\/ceyalcoop.com\/index.php\/wp-json\/wp\/v2\/users\/3"}],"replies":[{"embeddable":true,"href":"https:\/\/ceyalcoop.com\/index.php\/wp-json\/wp\/v2\/comments?post=172"}],"version-history":[{"count":19,"href":"https:\/\/ceyalcoop.com\/index.php\/wp-json\/wp\/v2\/pages\/172\/revisions"}],"predecessor-version":[{"id":1493,"href":"https:\/\/ceyalcoop.com\/index.php\/wp-json\/wp\/v2\/pages\/172\/revisions\/1493"}],"wp:attachment":[{"href":"https:\/\/ceyalcoop.com\/index.php\/wp-json\/wp\/v2\/media?parent=172"}],"curies":[{"name":"wp","href":"https:\/\/api.w.org\/{rel}","templated":true}]}}