{"id":2074,"date":"2022-08-02T21:46:56","date_gmt":"2022-08-02T21:46:56","guid":{"rendered":"https:\/\/ceyalcoop.com\/?page_id=2074"},"modified":"2022-08-02T22:00:56","modified_gmt":"2022-08-02T22:00:56","slug":"cumpleanos-ceyal","status":"publish","type":"page","link":"https:\/\/ceyalcoop.com\/index.php\/cumpleanos-ceyal\/","title":{"rendered":"Cumplea\u00f1os CEYAL"},"content":{"rendered":"\t\t<div data-elementor-type=\"wp-page\" data-elementor-id=\"2074\" class=\"elementor elementor-2074\" data-elementor-post-type=\"page\">\n\t\t\t\t\t\t<section class=\"elementor-section elementor-top-section elementor-element elementor-element-dd69a77 elementor-section-boxed elementor-section-height-default elementor-section-height-default\" data-id=\"dd69a77\" data-element_type=\"section\" data-e-type=\"section\">\n\t\t\t\t\t\t<div class=\"elementor-container elementor-column-gap-default\">\n\t\t\t\t\t<div class=\"elementor-column elementor-col-100 elementor-top-column elementor-element elementor-element-c170c0c\" data-id=\"c170c0c\" data-element_type=\"column\" data-e-type=\"column\">\n\t\t\t<div class=\"elementor-widget-wrap elementor-element-populated\">\n\t\t\t\t\t\t<div class=\"elementor-element elementor-element-aee6316 elementor-widget elementor-widget-heading\" data-id=\"aee6316\" data-element_type=\"widget\" data-e-type=\"widget\" data-widget_type=\"heading.default\">\n\t\t\t\t<div class=\"elementor-widget-container\">\n\t\t\t\t\t<h2 class=\"elementor-heading-title elementor-size-default\"><a href=\"https:\/\/ceyalcoop.com\/wp-admin\/Cumplea\u00f1os-CEYAL\">Cumplea\u00f1os CEYAL<\/a><\/h2>\t\t\t\t<\/div>\n\t\t\t\t<\/div>\n\t\t\t\t\t<\/div>\n\t\t<\/div>\n\t\t\t\t\t<\/div>\n\t\t<\/section>\n\t\t\t\t<section class=\"elementor-section elementor-top-section elementor-element elementor-element-bd1a9ba elementor-section-boxed elementor-section-height-default elementor-section-height-default\" data-id=\"bd1a9ba\" data-element_type=\"section\" data-e-type=\"section\">\n\t\t\t\t\t\t<div class=\"elementor-container elementor-column-gap-default\">\n\t\t\t\t\t<div class=\"elementor-column elementor-col-100 elementor-top-column elementor-element elementor-element-9c5db11\" data-id=\"9c5db11\" data-element_type=\"column\" data-e-type=\"column\">\n\t\t\t<div class=\"elementor-widget-wrap elementor-element-populated\">\n\t\t\t\t\t\t<div class=\"elementor-element elementor-element-18e5299 elementor-widget elementor-widget-text-editor\" data-id=\"18e5299\" data-element_type=\"widget\" data-e-type=\"widget\" data-widget_type=\"text-editor.default\">\n\t\t\t\t<div class=\"elementor-widget-container\">\n\t\t\t\t\t\t\t\t\t<div class=\"kvgmc6g5 cxmmr5t8 oygrvhab hcukyx3x c1et5uql ii04i59q\">\n<div dir=\"auto\" style=\"text-align: justify;\"><strong>\u00a1Feliz cumplea\u00f1os Ceyal! <span class=\"pq6dq46d tbxw36s4 knj5qynh kvgmc6g5 ditlmg2l oygrvhab nvdbi5me sf5mxxl7 gl3lb2sf hhz5lgdu\"><img decoding=\"async\" data-src=\"https:\/\/static.xx.fbcdn.net\/images\/emoji.php\/v9\/tc6\/1.5\/16\/1f973.png\" alt=\"\ud83e\udd73\" width=\"16\" height=\"16\" src=\"data:image\/svg+xml;base64,PHN2ZyB3aWR0aD0iMSIgaGVpZ2h0PSIxIiB4bWxucz0iaHR0cDovL3d3dy53My5vcmcvMjAwMC9zdmciPjwvc3ZnPg==\" class=\"lazyload\" style=\"--smush-placeholder-width: 16px; --smush-placeholder-aspect-ratio: 16\/16;\"><\/span><\/strong><\/div>\n<\/div>\n<div class=\"cxmmr5t8 oygrvhab hcukyx3x c1et5uql o9v6fnle ii04i59q\" style=\"text-align: justify;\">\n<div dir=\"auto\"><strong>Ceyal festeja sus 66 a\u00f1os de vida con la certeza de que el trabajo es el camino del crecimiento, y que la innovaci\u00f3n nos permite mejorar nuestros servicios d\u00eda a d\u00eda.<\/strong><\/div>\n<\/div>\n<div class=\"cxmmr5t8 oygrvhab hcukyx3x c1et5uql o9v6fnle ii04i59q\">\n<div dir=\"auto\" style=\"text-align: justify;\"><strong>\u00a1Agradecemos a todos aquellos que acompa\u00f1aron y acompa\u00f1an actualmente con su incondicional apoyo a esta coopertativa!<\/strong><\/div>\n<\/div>\t\t\t\t\t\t\t\t<\/div>\n\t\t\t\t<\/div>\n\t\t\t\t<div class=\"elementor-element elementor-element-327de46 elementor-widget elementor-widget-image\" data-id=\"327de46\" data-element_type=\"widget\" data-e-type=\"widget\" data-widget_type=\"image.default\">\n\t\t\t\t<div class=\"elementor-widget-container\">\n\t\t\t\t\t\t\t\t\t\t\t\t<figure class=\"wp-caption\">\n\t\t\t\t\t\t\t\t\t\t\t<a href=\"http:\/\/ceyalcoop.com\/wp-content\/uploads\/2022\/08\/295839888_112133201580808_4216952747771681965_n.jpg\" data-elementor-open-lightbox=\"yes\" data-elementor-lightbox-title=\"295839888_112133201580808_4216952747771681965_n\" data-e-action-hash=\"#elementor-action%3Aaction%3Dlightbox%26settings%3DeyJpZCI6MjA3MCwidXJsIjoiaHR0cHM6XC9cL2NleWFsY29vcC5jb21cL3dwLWNvbnRlbnRcL3VwbG9hZHNcLzIwMjJcLzA4XC8yOTU4Mzk4ODhfMTEyMTMzMjAxNTgwODA4XzQyMTY5NTI3NDc3NzE2ODE5NjVfbi5qcGcifQ%3D%3D\">\n\t\t\t\t\t\t\t<img fetchpriority=\"high\" decoding=\"async\" width=\"300\" height=\"300\" src=\"https:\/\/ceyalcoop.com\/wp-content\/uploads\/2022\/08\/295839888_112133201580808_4216952747771681965_n-300x300.jpg\" class=\"attachment-medium size-medium wp-image-2070\" alt=\"\" srcset=\"https:\/\/ceyalcoop.com\/wp-content\/uploads\/2022\/08\/295839888_112133201580808_4216952747771681965_n-300x300.jpg 300w, https:\/\/ceyalcoop.com\/wp-content\/uploads\/2022\/08\/295839888_112133201580808_4216952747771681965_n-150x150.jpg 150w, https:\/\/ceyalcoop.com\/wp-content\/uploads\/2022\/08\/295839888_112133201580808_4216952747771681965_n-768x768.jpg 768w, https:\/\/ceyalcoop.com\/wp-content\/uploads\/2022\/08\/295839888_112133201580808_4216952747771681965_n.jpg 843w\" sizes=\"(max-width: 300px) 100vw, 300px\" \/>\t\t\t\t\t\t\t\t<\/a>\n\t\t\t\t\t\t\t\t\t\t\t<figcaption class=\"widget-image-caption wp-caption-text\"><\/figcaption>\n\t\t\t\t\t\t\t\t\t\t<\/figure>\n\t\t\t\t\t\t\t\t\t<\/div>\n\t\t\t\t<\/div>\n\t\t\t\t\t<\/div>\n\t\t<\/div>\n\t\t\t\t\t<\/div>\n\t\t<\/section>\n\t\t\t\t<section class=\"elementor-section elementor-top-section elementor-element elementor-element-7f5423d elementor-section-boxed elementor-section-height-default elementor-section-height-default\" data-id=\"7f5423d\" data-element_type=\"section\" data-e-type=\"section\">\n\t\t\t\t\t\t<div class=\"elementor-container elementor-column-gap-default\">\n\t\t\t\t\t<div class=\"elementor-column elementor-col-100 elementor-top-column elementor-element elementor-element-b90e311\" data-id=\"b90e311\" data-element_type=\"column\" data-e-type=\"column\">\n\t\t\t<div class=\"elementor-widget-wrap\">\n\t\t\t\t\t\t\t<\/div>\n\t\t<\/div>\n\t\t\t\t\t<\/div>\n\t\t<\/section>\n\t\t\t\t<\/div>\n\t\t","protected":false},"excerpt":{"rendered":"<p>Cumplea\u00f1os CEYAL \u00a1Feliz cumplea\u00f1os Ceyal! Ceyal festeja sus 66 a\u00f1os de vida con la certeza de que el trabajo es el camino del crecimiento, y que la innovaci\u00f3n nos permite mejorar nuestros servicios d\u00eda a d\u00eda. \u00a1Agradecemos a todos aquellos que acompa\u00f1aron y acompa\u00f1an actualmente con su incondicional apoyo a esta coopertativa!<\/p>\n","protected":false},"author":4,"featured_media":0,"parent":0,"menu_order":0,"comment_status":"closed","ping_status":"closed","template":"","meta":{"footnotes":""},"class_list":["post-2074","page","type-page","status-publish","hentry"],"_links":{"self":[{"href":"https:\/\/ceyalcoop.com\/index.php\/wp-json\/wp\/v2\/pages\/2074","targetHints":{"allow":["GET"]}}],"collection":[{"href":"https:\/\/ceyalcoop.com\/index.php\/wp-json\/wp\/v2\/pages"}],"about":[{"href":"https:\/\/ceyalcoop.com\/index.php\/wp-json\/wp\/v2\/types\/page"}],"author":[{"embeddable":true,"href":"https:\/\/ceyalcoop.com\/index.php\/wp-json\/wp\/v2\/users\/4"}],"replies":[{"embeddable":true,"href":"https:\/\/ceyalcoop.com\/index.php\/wp-json\/wp\/v2\/comments?post=2074"}],"version-history":[{"count":28,"href":"https:\/\/ceyalcoop.com\/index.php\/wp-json\/wp\/v2\/pages\/2074\/revisions"}],"predecessor-version":[{"id":2108,"href":"https:\/\/ceyalcoop.com\/index.php\/wp-json\/wp\/v2\/pages\/2074\/revisions\/2108"}],"wp:attachment":[{"href":"https:\/\/ceyalcoop.com\/index.php\/wp-json\/wp\/v2\/media?parent=2074"}],"curies":[{"name":"wp","href":"https:\/\/api.w.org\/{rel}","templated":true}]}}