{"id":6222,"date":"2025-07-28T15:42:32","date_gmt":"2025-07-28T15:42:32","guid":{"rendered":"https:\/\/ceyalcoop.com\/?page_id=6222"},"modified":"2025-07-28T15:42:32","modified_gmt":"2025-07-28T15:42:32","slug":"cita-a-ciegas-con-un-libro","status":"publish","type":"page","link":"https:\/\/ceyalcoop.com\/index.php\/cita-a-ciegas-con-un-libro\/","title":{"rendered":"Cita a ciegas con un libro"},"content":{"rendered":"\n<p>El pasado viernes 18 de julio nos reunimos con las participantes de &#8220;La cita a Ciegas con un Libro&#8221;, para compartir los resultados de esta experiencia.<br>Las lectoras manifestaron el agrado de esta actividad pues todas se encontraron leyendo libros que tal vez nunca se les hubiera ocurrido leer!, pero lo mejor es que descubrieron autores y g\u00e9neros literarios!&#8230; y entusiasmaron e invitaron al resto a leer este material que esta en nuestra biblioteca y que tal vez para muchos lectores es desconocido&#8230;<br>Descubrieron historias raras, otras divertidas y misteriosas, y otras de gran inter\u00e9s hist\u00f3rico y otras de mucha nostalgia&#8230;<br>Desde la Biblioteca CEYAL, agradecemos el compromiso, participaci\u00f3n y apoyo recibido en esta propuesta, que tambi\u00e9n sirvi\u00f3 para generar nuevas ideas para pr\u00f3ximas actividades !\u00a0<\/p>\n\n\n\n<p><\/p>\n","protected":false},"excerpt":{"rendered":"<p>El pasado viernes 18 de julio nos reunimos con las participantes de &#8220;La cita a Ciegas con un Libro&#8221;, para compartir los resultados de esta experiencia.Las lectoras manifestaron el agrado de esta actividad pues todas se encontraron leyendo libros que tal vez nunca se les hubiera ocurrido leer!, pero lo mejor es que descubrieron autores [&hellip;]<\/p>\n","protected":false},"author":4,"featured_media":0,"parent":0,"menu_order":0,"comment_status":"closed","ping_status":"closed","template":"","meta":{"footnotes":""},"class_list":["post-6222","page","type-page","status-publish","hentry"],"_links":{"self":[{"href":"https:\/\/ceyalcoop.com\/index.php\/wp-json\/wp\/v2\/pages\/6222","targetHints":{"allow":["GET"]}}],"collection":[{"href":"https:\/\/ceyalcoop.com\/index.php\/wp-json\/wp\/v2\/pages"}],"about":[{"href":"https:\/\/ceyalcoop.com\/index.php\/wp-json\/wp\/v2\/types\/page"}],"author":[{"embeddable":true,"href":"https:\/\/ceyalcoop.com\/index.php\/wp-json\/wp\/v2\/users\/4"}],"replies":[{"embeddable":true,"href":"https:\/\/ceyalcoop.com\/index.php\/wp-json\/wp\/v2\/comments?post=6222"}],"version-history":[{"count":1,"href":"https:\/\/ceyalcoop.com\/index.php\/wp-json\/wp\/v2\/pages\/6222\/revisions"}],"predecessor-version":[{"id":6223,"href":"https:\/\/ceyalcoop.com\/index.php\/wp-json\/wp\/v2\/pages\/6222\/revisions\/6223"}],"wp:attachment":[{"href":"https:\/\/ceyalcoop.com\/index.php\/wp-json\/wp\/v2\/media?parent=6222"}],"curies":[{"name":"wp","href":"https:\/\/api.w.org\/{rel}","templated":true}]}}