{"id":6986,"date":"2026-04-22T19:16:37","date_gmt":"2026-04-22T19:16:37","guid":{"rendered":"https:\/\/ceyalcoop.com\/?page_id=6986"},"modified":"2026-04-22T19:16:38","modified_gmt":"2026-04-22T19:16:38","slug":"proyecto-ganador","status":"publish","type":"page","link":"https:\/\/ceyalcoop.com\/index.php\/proyecto-ganador\/","title":{"rendered":"Proyecto ganador"},"content":{"rendered":"\n<p>Felicitamos a los ganadores del primer premio del concurso de anteproyectos para el nuevo Hogar Para la Tercera Edad: <a href=\"https:\/\/www.instagram.com\/sbttn.ar\/\">@sbttn.ar<\/a> <a href=\"https:\/\/www.instagram.com\/leandroomega\/\">@leandroomega<\/a> <a href=\"https:\/\/www.instagram.com\/julietasperat\/\">@julietasperat<\/a> <a href=\"https:\/\/www.instagram.com\/tonchog\/\">@tonchog<\/a><br><br>Este paso marca un antes y un despu\u00e9s para la comunidad de Vicu\u00f1a Mackenna, proyectando un espacio pensado para cuidar, acompa\u00f1ar y mejorar la calidad de vida de nuestros asociados en una etapa tan importante como lo es la tercera edad.<br><br>Agradecemos a todos los profesionales que formaron parte de este proceso, aportando su compromiso y mirada para construir, entre todos, un futuro mejor para nuestra comunidad.<br><br>A finales de abril se realizar\u00e1 una exposici\u00f3n p\u00fablica para los asociados en el cine Ceyal, donde se explicar\u00e1 la ejecuci\u00f3n del proyecto. Pr\u00f3ximamente estaremos anunciando la fecha.<\/p>\n","protected":false},"excerpt":{"rendered":"<p>Felicitamos a los ganadores del primer premio del concurso de anteproyectos para el nuevo Hogar Para la Tercera Edad: @sbttn.ar @leandroomega @julietasperat @tonchog Este paso marca un antes y un despu\u00e9s para la comunidad de Vicu\u00f1a Mackenna, proyectando un espacio pensado para cuidar, acompa\u00f1ar y mejorar la calidad de vida de nuestros asociados en una [&hellip;]<\/p>\n","protected":false},"author":4,"featured_media":0,"parent":0,"menu_order":0,"comment_status":"closed","ping_status":"closed","template":"","meta":{"footnotes":""},"class_list":["post-6986","page","type-page","status-publish","hentry"],"_links":{"self":[{"href":"https:\/\/ceyalcoop.com\/index.php\/wp-json\/wp\/v2\/pages\/6986","targetHints":{"allow":["GET"]}}],"collection":[{"href":"https:\/\/ceyalcoop.com\/index.php\/wp-json\/wp\/v2\/pages"}],"about":[{"href":"https:\/\/ceyalcoop.com\/index.php\/wp-json\/wp\/v2\/types\/page"}],"author":[{"embeddable":true,"href":"https:\/\/ceyalcoop.com\/index.php\/wp-json\/wp\/v2\/users\/4"}],"replies":[{"embeddable":true,"href":"https:\/\/ceyalcoop.com\/index.php\/wp-json\/wp\/v2\/comments?post=6986"}],"version-history":[{"count":1,"href":"https:\/\/ceyalcoop.com\/index.php\/wp-json\/wp\/v2\/pages\/6986\/revisions"}],"predecessor-version":[{"id":6987,"href":"https:\/\/ceyalcoop.com\/index.php\/wp-json\/wp\/v2\/pages\/6986\/revisions\/6987"}],"wp:attachment":[{"href":"https:\/\/ceyalcoop.com\/index.php\/wp-json\/wp\/v2\/media?parent=6986"}],"curies":[{"name":"wp","href":"https:\/\/api.w.org\/{rel}","templated":true}]}}