{"id":753,"date":"2022-02-23T16:41:29","date_gmt":"2022-02-23T16:41:29","guid":{"rendered":"http:\/\/ceyalcoop.com\/?page_id=753"},"modified":"2026-02-20T13:55:27","modified_gmt":"2026-02-20T13:55:27","slug":"telefonia","status":"publish","type":"page","link":"https:\/\/ceyalcoop.com\/index.php\/telefonia\/","title":{"rendered":"Telefon\u00eda."},"content":{"rendered":"\t\t<div data-elementor-type=\"wp-page\" data-elementor-id=\"753\" class=\"elementor elementor-753\" data-elementor-post-type=\"page\">\n\t\t\t\t\t\t<section class=\"elementor-section elementor-top-section elementor-element elementor-element-8198bd1 elementor-section-boxed elementor-section-height-default elementor-section-height-default\" data-id=\"8198bd1\" data-element_type=\"section\" data-e-type=\"section\">\n\t\t\t\t\t\t<div class=\"elementor-container elementor-column-gap-default\">\n\t\t\t\t\t<div class=\"elementor-column elementor-col-100 elementor-top-column elementor-element elementor-element-8fc7b8b\" data-id=\"8fc7b8b\" data-element_type=\"column\" data-e-type=\"column\">\n\t\t\t<div class=\"elementor-widget-wrap elementor-element-populated\">\n\t\t\t\t\t\t<div class=\"elementor-element elementor-element-5d09a0a elementor-widget elementor-widget-heading\" data-id=\"5d09a0a\" data-element_type=\"widget\" data-e-type=\"widget\" data-widget_type=\"heading.default\">\n\t\t\t\t<div class=\"elementor-widget-container\">\n\t\t\t\t\t<h2 class=\"elementor-heading-title elementor-size-default\">Tr\u00e1mites y requisitos.<\/h2>\t\t\t\t<\/div>\n\t\t\t\t<\/div>\n\t\t\t\t\t<\/div>\n\t\t<\/div>\n\t\t\t\t\t<\/div>\n\t\t<\/section>\n\t\t\t\t<section class=\"elementor-section elementor-top-section elementor-element elementor-element-485692a elementor-section-boxed elementor-section-height-default elementor-section-height-default\" data-id=\"485692a\" data-element_type=\"section\" data-e-type=\"section\">\n\t\t\t\t\t\t<div class=\"elementor-container elementor-column-gap-default\">\n\t\t\t\t\t<div class=\"elementor-column elementor-col-100 elementor-top-column elementor-element elementor-element-9fd2852\" data-id=\"9fd2852\" data-element_type=\"column\" data-e-type=\"column\">\n\t\t\t<div class=\"elementor-widget-wrap elementor-element-populated\">\n\t\t\t\t\t\t<div class=\"elementor-element elementor-element-2cf05bf elementor-widget elementor-widget-text-editor\" data-id=\"2cf05bf\" data-element_type=\"widget\" data-e-type=\"widget\" data-widget_type=\"text-editor.default\">\n\t\t\t\t<div class=\"elementor-widget-container\">\n\t\t\t\t\t\t\t\t\t<p><b>Requisitos para la conexi\u00f3n de tel\u00e9fono:<\/b><\/p><ol><li>Ser socio de la cooperativa, titular del servicio de energ\u00eda del domicilio donde lo va a instalar.<\/li><li>De ser socio de la cooperativa pero no titular del servicio de energ\u00eda, deber\u00e1 traer la autorizaci\u00f3n del titular del servicio de energ\u00eda en forma escrita.<\/li><li>De tener el servicio de Internet a su nombre la conexi\u00f3n de la l\u00ednea telef\u00f3nica es gratuita.<\/li><li>Si conectara los dos servicios (telefon\u00eda e Internet) el usuario se hace socio con el servicio de Internet, pero si energ\u00eda no estuviera a su nombre necesita la autorizaci\u00f3n del titular.<\/li><li>El usuario no puede tener deuda de ning\u00fan servicio de la cooperativa, de lo contrario debe ser autorizada la conexi\u00f3n.<\/li><\/ol><p>\u00a0<\/p><p>\u00a0<\/p><h6><strong>Para adherirse al servicio o para darse de baja d<\/strong><strong>escargue la Planilla, completarla con los datos solicitados y enviar por mail a ceyalcoop@ceyalcoop.com.ar.<\/strong><\/h6>\t\t\t\t\t\t\t\t<\/div>\n\t\t\t\t<\/div>\n\t\t\t\t\t<\/div>\n\t\t<\/div>\n\t\t\t\t\t<\/div>\n\t\t<\/section>\n\t\t\t\t<section class=\"elementor-section elementor-top-section elementor-element elementor-element-d13bd3e elementor-section-boxed elementor-section-height-default elementor-section-height-default\" data-id=\"d13bd3e\" data-element_type=\"section\" data-e-type=\"section\">\n\t\t\t\t\t\t<div class=\"elementor-container elementor-column-gap-default\">\n\t\t\t\t\t<div class=\"elementor-column elementor-col-100 elementor-top-column elementor-element elementor-element-2527891\" data-id=\"2527891\" data-element_type=\"column\" data-e-type=\"column\">\n\t\t\t<div class=\"elementor-widget-wrap elementor-element-populated\">\n\t\t\t\t\t\t<section class=\"elementor-section elementor-inner-section elementor-element elementor-element-549d1fe elementor-section-content-middle elementor-section-boxed elementor-section-height-default elementor-section-height-default\" data-id=\"549d1fe\" data-element_type=\"section\" data-e-type=\"section\">\n\t\t\t\t\t\t<div class=\"elementor-container elementor-column-gap-no\">\n\t\t\t\t\t<div class=\"elementor-column elementor-col-50 elementor-inner-column elementor-element elementor-element-2cb457f\" data-id=\"2cb457f\" data-element_type=\"column\" data-e-type=\"column\">\n\t\t\t<div class=\"elementor-widget-wrap elementor-element-populated\">\n\t\t\t\t\t\t<div class=\"elementor-element elementor-element-924a9bd elementor-position-top elementor-widget elementor-widget-image-box\" data-id=\"924a9bd\" data-element_type=\"widget\" data-e-type=\"widget\" data-widget_type=\"image-box.default\">\n\t\t\t\t<div class=\"elementor-widget-container\">\n\t\t\t\t\t<div class=\"elementor-image-box-wrapper\"><figure class=\"elementor-image-box-img\"><a href=\"https:\/\/view.officeapps.live.com\/op\/view.aspx?src=http%3A%2F%2Fwww.ceyalcoop.com.ar%2Fwp-content%2Fuploads%2F2020%2F11%2FPLANILLA-TELEFONIA-1.doc&#038;wdOrigin=BROWSELINK\" tabindex=\"-1\"><img fetchpriority=\"high\" decoding=\"async\" width=\"1600\" height=\"1600\" src=\"https:\/\/ceyalcoop.com\/wp-content\/uploads\/2022\/02\/pngwing.com_.png\" class=\"elementor-animation-grow attachment-full size-full wp-image-706\" alt=\"\" srcset=\"https:\/\/ceyalcoop.com\/wp-content\/uploads\/2022\/02\/pngwing.com_.png 1600w, https:\/\/ceyalcoop.com\/wp-content\/uploads\/2022\/02\/pngwing.com_-300x300.png 300w, https:\/\/ceyalcoop.com\/wp-content\/uploads\/2022\/02\/pngwing.com_-1024x1024.png 1024w, https:\/\/ceyalcoop.com\/wp-content\/uploads\/2022\/02\/pngwing.com_-150x150.png 150w, https:\/\/ceyalcoop.com\/wp-content\/uploads\/2022\/02\/pngwing.com_-768x768.png 768w, https:\/\/ceyalcoop.com\/wp-content\/uploads\/2022\/02\/pngwing.com_-1536x1536.png 1536w\" sizes=\"(max-width: 1600px) 100vw, 1600px\" \/><\/a><\/figure><div class=\"elementor-image-box-content\"><h3 class=\"elementor-image-box-title\"><a href=\"https:\/\/view.officeapps.live.com\/op\/view.aspx?src=http%3A%2F%2Fwww.ceyalcoop.com.ar%2Fwp-content%2Fuploads%2F2020%2F11%2FPLANILLA-TELEFONIA-1.doc&#038;wdOrigin=BROWSELINK\">Alta<\/a><\/h3><p class=\"elementor-image-box-description\">Descargue y llene la planilla para darse de alta en el servicio.<\/p><\/div><\/div>\t\t\t\t<\/div>\n\t\t\t\t<\/div>\n\t\t\t\t\t<\/div>\n\t\t<\/div>\n\t\t\t\t<div class=\"elementor-column elementor-col-50 elementor-inner-column elementor-element elementor-element-e9bffea\" data-id=\"e9bffea\" data-element_type=\"column\" data-e-type=\"column\">\n\t\t\t<div class=\"elementor-widget-wrap elementor-element-populated\">\n\t\t\t\t\t\t<div class=\"elementor-element elementor-element-9cb98bc elementor-position-top elementor-widget elementor-widget-image-box\" data-id=\"9cb98bc\" data-element_type=\"widget\" data-e-type=\"widget\" data-widget_type=\"image-box.default\">\n\t\t\t\t<div class=\"elementor-widget-container\">\n\t\t\t\t\t<div class=\"elementor-image-box-wrapper\"><figure class=\"elementor-image-box-img\"><a href=\"https:\/\/view.officeapps.live.com\/op\/view.aspx?src=http%3A%2F%2Fwww.ceyalcoop.com.ar%2Fwp-content%2Fuploads%2F2020%2F11%2FBAJA-DE-TELEFONO.doc&#038;wdOrigin=BROWSELINK\" tabindex=\"-1\"><img fetchpriority=\"high\" decoding=\"async\" width=\"1600\" height=\"1600\" src=\"https:\/\/ceyalcoop.com\/wp-content\/uploads\/2022\/02\/pngwing.com_.png\" class=\"elementor-animation-grow attachment-full size-full wp-image-706\" alt=\"\" srcset=\"https:\/\/ceyalcoop.com\/wp-content\/uploads\/2022\/02\/pngwing.com_.png 1600w, https:\/\/ceyalcoop.com\/wp-content\/uploads\/2022\/02\/pngwing.com_-300x300.png 300w, https:\/\/ceyalcoop.com\/wp-content\/uploads\/2022\/02\/pngwing.com_-1024x1024.png 1024w, https:\/\/ceyalcoop.com\/wp-content\/uploads\/2022\/02\/pngwing.com_-150x150.png 150w, https:\/\/ceyalcoop.com\/wp-content\/uploads\/2022\/02\/pngwing.com_-768x768.png 768w, https:\/\/ceyalcoop.com\/wp-content\/uploads\/2022\/02\/pngwing.com_-1536x1536.png 1536w\" sizes=\"(max-width: 1600px) 100vw, 1600px\" \/><\/a><\/figure><div class=\"elementor-image-box-content\"><h3 class=\"elementor-image-box-title\"><a href=\"https:\/\/view.officeapps.live.com\/op\/view.aspx?src=http%3A%2F%2Fwww.ceyalcoop.com.ar%2Fwp-content%2Fuploads%2F2020%2F11%2FBAJA-DE-TELEFONO.doc&#038;wdOrigin=BROWSELINK\">Baja<\/a><\/h3><p class=\"elementor-image-box-description\">Descargue y llene la planilla para darse de baja en el servicio.<\/p><\/div><\/div>\t\t\t\t<\/div>\n\t\t\t\t<\/div>\n\t\t\t\t\t<\/div>\n\t\t<\/div>\n\t\t\t\t\t<\/div>\n\t\t<\/section>\n\t\t\t\t\t<\/div>\n\t\t<\/div>\n\t\t\t\t\t<\/div>\n\t\t<\/section>\n\t\t\t\t<section class=\"elementor-section elementor-top-section elementor-element elementor-element-9f84961 elementor-section-boxed elementor-section-height-default elementor-section-height-default\" data-id=\"9f84961\" data-element_type=\"section\" data-e-type=\"section\">\n\t\t\t\t\t\t<div class=\"elementor-container elementor-column-gap-default\">\n\t\t\t\t\t<div class=\"elementor-column elementor-col-100 elementor-top-column elementor-element elementor-element-abadff4\" data-id=\"abadff4\" data-element_type=\"column\" data-e-type=\"column\">\n\t\t\t<div class=\"elementor-widget-wrap elementor-element-populated\">\n\t\t\t\t\t\t<div class=\"elementor-element elementor-element-b8866f1 elementor-widget elementor-widget-text-editor\" data-id=\"b8866f1\" data-element_type=\"widget\" data-e-type=\"widget\" data-widget_type=\"text-editor.default\">\n\t\t\t\t<div class=\"elementor-widget-container\">\n\t\t\t\t\t\t\t\t\t<p>\u00a0<\/p><p><strong>Para cualquier consulta puede comunicarse a:<\/strong><\/p><ul><li><strong>Tel\u00e9fonos Guardia: (03583) 480000 \u2013 488888<\/strong><\/li><li><strong>Correo Electr\u00f3nico: ceyalcoop@ceyalcoop.com.ar<\/strong><\/li><\/ul>\t\t\t\t\t\t\t\t<\/div>\n\t\t\t\t<\/div>\n\t\t\t\t\t<\/div>\n\t\t<\/div>\n\t\t\t\t\t<\/div>\n\t\t<\/section>\n\t\t\t\t<section class=\"elementor-section elementor-top-section elementor-element elementor-element-bcc665f elementor-section-boxed elementor-section-height-default elementor-section-height-default\" data-id=\"bcc665f\" data-element_type=\"section\" data-e-type=\"section\">\n\t\t\t\t\t\t<div class=\"elementor-container elementor-column-gap-default\">\n\t\t\t\t\t<div class=\"elementor-column elementor-col-100 elementor-top-column elementor-element elementor-element-83b35d8\" data-id=\"83b35d8\" data-element_type=\"column\" data-e-type=\"column\">\n\t\t\t<div class=\"elementor-widget-wrap elementor-element-populated\">\n\t\t\t\t\t\t<div class=\"elementor-element elementor-element-438fd81 elementor-widget elementor-widget-heading\" data-id=\"438fd81\" data-element_type=\"widget\" data-e-type=\"widget\" data-widget_type=\"heading.default\">\n\t\t\t\t<div class=\"elementor-widget-container\">\n\t\t\t\t\t<h2 class=\"elementor-heading-title elementor-size-default\">Tarifas.<\/h2>\t\t\t\t<\/div>\n\t\t\t\t<\/div>\n\t\t\t\t\t<\/div>\n\t\t<\/div>\n\t\t\t\t\t<\/div>\n\t\t<\/section>\n\t\t\t\t<section class=\"elementor-section elementor-top-section elementor-element elementor-element-f3323df elementor-section-boxed elementor-section-height-default elementor-section-height-default\" data-id=\"f3323df\" data-element_type=\"section\" data-e-type=\"section\">\n\t\t\t\t\t\t<div class=\"elementor-container elementor-column-gap-default\">\n\t\t\t\t\t<div class=\"elementor-column elementor-col-100 elementor-top-column elementor-element elementor-element-31635da\" data-id=\"31635da\" data-element_type=\"column\" data-e-type=\"column\">\n\t\t\t<div class=\"elementor-widget-wrap elementor-element-populated\">\n\t\t\t\t\t\t<div class=\"elementor-element elementor-element-5252192 elementor-widget elementor-widget-text-editor\" data-id=\"5252192\" data-element_type=\"widget\" data-e-type=\"widget\" data-widget_type=\"text-editor.default\">\n\t\t\t\t<div class=\"elementor-widget-container\">\n\t\t\t\t\t\t\t\t\t<h6><span style=\"vertical-align: inherit;\"><span style=\"vertical-align: inherit;\"><span style=\"vertical-align: inherit;\"><span style=\"vertical-align: inherit;\"><span style=\"vertical-align: inherit;\"><span style=\"vertical-align: inherit;\">CONEXI\u00d3N <\/span><\/span><\/span><\/span><\/span><\/span><strong><span style=\"vertical-align: inherit;\"><span style=\"vertical-align: inherit;\"><span style=\"vertical-align: inherit;\"><span style=\"vertical-align: inherit;\"><span style=\"vertical-align: inherit;\"><span style=\"vertical-align: inherit;\">CON APARATO SIN ID: $45500 <\/span><\/span><\/span><\/span><\/span><\/span><\/strong><span style=\"vertical-align: inherit;\"><span style=\"vertical-align: inherit;\"><span style=\"vertical-align: inherit;\"><span style=\"vertical-align: inherit;\"><span style=\"vertical-align: inherit;\"><span style=\"vertical-align: inherit;\">(Se puede realizar en 3 pagos de\u00a0 <\/span><\/span><\/span><\/span><\/span><\/span><strong><span style=\"vertical-align: inherit;\"><span style=\"vertical-align: inherit;\"><span style=\"vertical-align: inherit;\"><span style=\"vertical-align: inherit;\"><span style=\"vertical-align: inherit;\"><span style=\"vertical-align: inherit;\">$15180.00 finales.)<\/span><\/span><\/span><\/span><\/span><\/span><\/strong><\/h6><h6><strong><span style=\"vertical-align: inherit;\"><span style=\"vertical-align: inherit;\"><span style=\"vertical-align: inherit;\"><span style=\"vertical-align: inherit;\"><span style=\"vertical-align: inherit;\"><span style=\"vertical-align: inherit;\">L\u00edneas internas adicionales , Traslado \u00f3 Reconexi\u00f3n : <\/span><\/span><\/span><\/span><\/span><\/span><\/strong><strong><span style=\"vertical-align: inherit;\"><span style=\"vertical-align: inherit;\"><span style=\"vertical-align: inherit;\"><span style=\"vertical-align: inherit;\"><span style=\"vertical-align: inherit;\"><span style=\"vertical-align: inherit;\">\u00a0<\/span><\/span><\/span><\/span><\/span><\/span><\/strong><span style=\"vertical-align: inherit;\"><span style=\"vertical-align: inherit;\"><span style=\"vertical-align: inherit;\"><span style=\"vertical-align: inherit;\"><span style=\"vertical-align: inherit;\"> \u00a0\u00a0<\/span><\/span><\/span><\/span><\/span><strong style=\"color: inherit; font-family: inherit; font-size: 1rem;\"><span style=\"vertical-align: inherit;\"><span style=\"vertical-align: inherit;\"><span style=\"vertical-align: inherit;\"><span style=\"vertical-align: inherit;\"><span style=\"vertical-align: inherit;\"><span style=\"vertical-align: inherit;\"> $24200,00 finales.<\/span><\/span><\/span><\/span><\/span><\/span><\/strong><\/h6><p><span style=\"vertical-align: inherit;\"><span style=\"vertical-align: inherit;\"><span style=\"vertical-align: inherit;\"><span style=\"vertical-align: inherit;\"><span style=\"vertical-align: inherit;\"><span style=\"vertical-align: inherit;\">Abono Mensual<\/span><\/span><\/span><\/span><\/span><\/span><\/p><table style=\"width: 136.151%; height: 136px;\" width=\"576\"><tbody><tr style=\"height: 28px;\"><td style=\"height: 28px;\" width=\"192\"><span style=\"vertical-align: inherit;\"><span style=\"vertical-align: inherit;\"><span style=\"vertical-align: inherit;\"><span style=\"vertical-align: inherit;\"><span style=\"vertical-align: inherit;\"><span style=\"vertical-align: inherit;\">casa de familia<\/span><\/span><\/span><\/span><\/span><\/span><\/td><td style=\"height: 28px;\" width=\"192\"><span style=\"vertical-align: inherit;\"><span style=\"vertical-align: inherit;\"><span style=\"vertical-align: inherit;\"><span style=\"vertical-align: inherit;\"><span style=\"vertical-align: inherit;\"><span style=\"vertical-align: inherit;\">$ 6500.00 + IVA<\/span><\/span><\/span><\/span><\/span><\/span><\/td><td style=\"height: 28px;\" width=\"192\"><span style=\"vertical-align: inherit;\"><span style=\"vertical-align: inherit;\"><span style=\"vertical-align: inherit;\"><span style=\"vertical-align: inherit;\"><span style=\"vertical-align: inherit;\"><span style=\"vertical-align: inherit;\">$7865,00 IVA incluido<\/span><\/span><\/span><\/span><\/span><\/span><\/td><\/tr><tr style=\"height: 28px;\"><td style=\"height: 28px;\" width=\"192\"><span style=\"vertical-align: inherit;\"><span style=\"vertical-align: inherit;\"><span style=\"vertical-align: inherit;\"><span style=\"vertical-align: inherit;\"><span style=\"vertical-align: inherit;\"><span style=\"vertical-align: inherit;\">profesionales y otros<\/span><\/span><\/span><\/span><\/span><\/span><\/td><td style=\"height: 28px;\" width=\"192\"><span style=\"vertical-align: inherit;\"><span style=\"vertical-align: inherit;\"><span style=\"vertical-align: inherit;\"><span style=\"vertical-align: inherit;\"><span style=\"vertical-align: inherit;\"><span style=\"vertical-align: inherit;\">$ 8000.00 + IVA<\/span><\/span><\/span><\/span><\/span><\/span><\/td><td style=\"height: 28px;\" width=\"192\"><span style=\"vertical-align: inherit;\"><span style=\"vertical-align: inherit;\"><span style=\"vertical-align: inherit;\"><span style=\"vertical-align: inherit;\"><span style=\"vertical-align: inherit;\"><span style=\"vertical-align: inherit;\">$9680.00 IVA incluido<\/span><\/span><\/span><\/span><\/span><\/span><\/td><\/tr><tr style=\"height: 80px;\"><td style=\"height: 80px;\" width=\"192\"><p><span style=\"vertical-align: inherit;\"><span style=\"vertical-align: inherit;\"><span style=\"vertical-align: inherit;\"><span style=\"vertical-align: inherit;\"><span style=\"vertical-align: inherit;\"><span style=\"vertical-align: inherit;\">\u00a0O<\/span><\/span><\/span><\/span><\/span><\/span><span style=\"vertical-align: inherit;\"><span style=\"vertical-align: inherit;\"><span style=\"vertical-align: inherit;\"><span style=\"vertical-align: inherit;\"><span style=\"vertical-align: inherit;\"><span style=\"vertical-align: inherit;\">rg. <\/span><\/span><\/span><\/span><\/span><span style=\"vertical-align: inherit;\"><span style=\"vertical-align: inherit;\"><span style=\"vertical-align: inherit;\"><span style=\"vertical-align: inherit;\"><span style=\"vertical-align: inherit;\">Gubernamentales<\/span><\/span><\/span><\/span><\/span><\/span><\/p><p><span style=\"vertical-align: inherit;\">Comercial y Empresas\u00a0<\/span><\/p><\/td><td style=\"height: 80px;\" width=\"192\"><p><span style=\"vertical-align: inherit;\"><span style=\"vertical-align: inherit;\"><span style=\"vertical-align: inherit;\"><span style=\"vertical-align: inherit;\"><span style=\"vertical-align: inherit;\"><span style=\"vertical-align: inherit;\">$ 10000.00<\/span><\/span><\/span><\/span><\/span><\/span><span style=\"vertical-align: inherit;\"><span style=\"vertical-align: inherit;\"><span style=\"vertical-align: inherit;\"><span style=\"vertical-align: inherit;\"><span style=\"vertical-align: inherit;\"><span style=\"vertical-align: inherit;\">\u00a0+ IVA<\/span><\/span><\/span><\/span><\/span><\/span><\/p><p><span style=\"vertical-align: inherit;\">$ 12000.00<\/span><span style=\"vertical-align: inherit;\">\u00a0+ IVA<\/span><\/p><\/td><td style=\"height: 80px;\" width=\"192\"><p><span style=\"vertical-align: inherit;\"><span style=\"vertical-align: inherit;\"><span style=\"vertical-align: inherit;\"><span style=\"vertical-align: inherit;\"><span style=\"vertical-align: inherit;\"><span style=\"vertical-align: inherit;\">$12100.00 IVA incluido<\/span><\/span><\/span><\/span><\/span><\/span><\/p><p><span style=\"vertical-align: inherit;\">$14520.00 IVA incluido<\/span><\/p><\/td><\/tr><\/tbody><\/table><h6>\u00a0<\/h6><h6><strong><span style=\"vertical-align: inherit;\"><span style=\"vertical-align: inherit;\"><span style=\"vertical-align: inherit;\"><span style=\"vertical-align: inherit;\"><span style=\"vertical-align: inherit;\"><span style=\"vertical-align: inherit;\">Valor por minuto<\/span><\/span><\/span><\/span><\/span><\/span><\/strong><\/h6><h6><span style=\"vertical-align: inherit;\"><span style=\"vertical-align: inherit;\"><span style=\"vertical-align: inherit;\"><span style=\"vertical-align: inherit;\"><span style=\"vertical-align: inherit;\"><span style=\"vertical-align: inherit;\">Telefon\u00eda Fija Local $11.81+ IVA<\/span><\/span><\/span><\/span><\/span><\/span><\/h6><h6><span style=\"vertical-align: inherit;\"><span style=\"vertical-align: inherit;\"><span style=\"vertical-align: inherit;\"><span style=\"vertical-align: inherit;\"><span style=\"vertical-align: inherit;\"><span style=\"vertical-align: inherit;\">Telefon\u00eda Fija Nacional Larga Distancia $14.32+ IVA<\/span><\/span><\/span><\/span><\/span><\/span><\/h6><h6><span style=\"vertical-align: inherit;\"><span style=\"vertical-align: inherit;\"><span style=\"vertical-align: inherit;\"><span style=\"vertical-align: inherit;\"><span style=\"vertical-align: inherit;\"><span style=\"vertical-align: inherit;\">Cargo Adicional Acceso a Redes M\u00f3viles $1,00.<\/span><\/span><\/span><\/span><\/span><\/span><\/h6>\t\t\t\t\t\t\t\t<\/div>\n\t\t\t\t<\/div>\n\t\t\t\t\t<\/div>\n\t\t<\/div>\n\t\t\t\t\t<\/div>\n\t\t<\/section>\n\t\t\t\t<section class=\"elementor-section elementor-top-section elementor-element elementor-element-d591eba elementor-section-boxed elementor-section-height-default elementor-section-height-default\" data-id=\"d591eba\" data-element_type=\"section\" data-e-type=\"section\">\n\t\t\t\t\t\t<div class=\"elementor-container elementor-column-gap-default\">\n\t\t\t\t\t<div class=\"elementor-column elementor-col-100 elementor-top-column elementor-element elementor-element-3fe55a7\" data-id=\"3fe55a7\" data-element_type=\"column\" data-e-type=\"column\">\n\t\t\t<div class=\"elementor-widget-wrap elementor-element-populated\">\n\t\t\t\t\t\t<div class=\"elementor-element elementor-element-e799601 elementor-widget elementor-widget-heading\" data-id=\"e799601\" data-element_type=\"widget\" data-e-type=\"widget\" data-widget_type=\"heading.default\">\n\t\t\t\t<div class=\"elementor-widget-container\">\n\t\t\t\t\t<h5 class=\"elementor-heading-title elementor-size-default\">Servicios Especiales.<\/h5>\t\t\t\t<\/div>\n\t\t\t\t<\/div>\n\t\t\t\t\t<\/div>\n\t\t<\/div>\n\t\t\t\t\t<\/div>\n\t\t<\/section>\n\t\t\t\t<section class=\"elementor-section elementor-top-section elementor-element elementor-element-4476e18 elementor-section-boxed elementor-section-height-default elementor-section-height-default\" data-id=\"4476e18\" data-element_type=\"section\" data-e-type=\"section\">\n\t\t\t\t\t\t<div class=\"elementor-container elementor-column-gap-default\">\n\t\t\t\t\t<div class=\"elementor-column elementor-col-100 elementor-top-column elementor-element elementor-element-95ed623\" data-id=\"95ed623\" data-element_type=\"column\" data-e-type=\"column\">\n\t\t\t<div class=\"elementor-widget-wrap elementor-element-populated\">\n\t\t\t\t\t\t<div class=\"elementor-element elementor-element-b7e682c elementor-widget elementor-widget-text-editor\" data-id=\"b7e682c\" data-element_type=\"widget\" data-e-type=\"widget\" data-widget_type=\"text-editor.default\">\n\t\t\t\t<div class=\"elementor-widget-container\">\n\t\t\t\t\t\t\t\t\t<p><span style=\"vertical-align: inherit;\"><span style=\"vertical-align: inherit;\"><b>Transferencia<\/b>\u00a0<\/span><\/span><strong><span style=\"vertical-align: inherit;\"><span style=\"vertical-align: inherit;\">de llamadas:<\/span><\/span><\/strong><span style=\"vertical-align: inherit;\"><span style=\"vertical-align: inherit;\"> El valor del servicio es de $4,45 + IVA.<\/span><\/span><\/p><p><strong><span style=\"vertical-align: inherit;\"><span style=\"vertical-align: inherit;\">Identificador de llamadas:<\/span><\/span><\/strong><span style=\"vertical-align: inherit;\"><span style=\"vertical-align: inherit;\"> El valor del servicio es de $7, 79 + IVA.<\/span><\/span><\/p><p><strong><span style=\"vertical-align: inherit;\"><span style=\"vertical-align: inherit;\">Facturaci\u00f3n detallada:<\/span><\/span><\/strong><span style=\"vertical-align: inherit;\"><span style=\"vertical-align: inherit;\"> El valor del servicio es de $ 48,75 + IVA.<\/span><\/span><\/p>\t\t\t\t\t\t\t\t<\/div>\n\t\t\t\t<\/div>\n\t\t\t\t\t<\/div>\n\t\t<\/div>\n\t\t\t\t\t<\/div>\n\t\t<\/section>\n\t\t\t\t<\/div>\n\t\t","protected":false},"excerpt":{"rendered":"<p>Tr\u00e1mites y requisitos. Requisitos para la conexi\u00f3n de tel\u00e9fono: Ser socio de la cooperativa, titular del servicio de energ\u00eda del domicilio donde lo va a instalar. De ser socio de la cooperativa pero no titular del servicio de energ\u00eda, deber\u00e1 traer la autorizaci\u00f3n del titular del servicio de energ\u00eda en forma escrita. De tener el [&hellip;]<\/p>\n","protected":false},"author":3,"featured_media":0,"parent":0,"menu_order":0,"comment_status":"closed","ping_status":"closed","template":"","meta":{"footnotes":""},"class_list":["post-753","page","type-page","status-publish","hentry"],"_links":{"self":[{"href":"https:\/\/ceyalcoop.com\/index.php\/wp-json\/wp\/v2\/pages\/753","targetHints":{"allow":["GET"]}}],"collection":[{"href":"https:\/\/ceyalcoop.com\/index.php\/wp-json\/wp\/v2\/pages"}],"about":[{"href":"https:\/\/ceyalcoop.com\/index.php\/wp-json\/wp\/v2\/types\/page"}],"author":[{"embeddable":true,"href":"https:\/\/ceyalcoop.com\/index.php\/wp-json\/wp\/v2\/users\/3"}],"replies":[{"embeddable":true,"href":"https:\/\/ceyalcoop.com\/index.php\/wp-json\/wp\/v2\/comments?post=753"}],"version-history":[{"count":102,"href":"https:\/\/ceyalcoop.com\/index.php\/wp-json\/wp\/v2\/pages\/753\/revisions"}],"predecessor-version":[{"id":6689,"href":"https:\/\/ceyalcoop.com\/index.php\/wp-json\/wp\/v2\/pages\/753\/revisions\/6689"}],"wp:attachment":[{"href":"https:\/\/ceyalcoop.com\/index.php\/wp-json\/wp\/v2\/media?parent=753"}],"curies":[{"name":"wp","href":"https:\/\/api.w.org\/{rel}","templated":true}]}}