{"id":797,"date":"2022-02-23T17:58:32","date_gmt":"2022-02-23T17:58:32","guid":{"rendered":"http:\/\/ceyalcoop.com\/?page_id=797"},"modified":"2026-01-30T16:08:27","modified_gmt":"2026-01-30T16:08:27","slug":"energia","status":"publish","type":"page","link":"https:\/\/ceyalcoop.com\/index.php\/energia\/","title":{"rendered":"Energ\u00eda"},"content":{"rendered":"\t\t<div data-elementor-type=\"wp-page\" data-elementor-id=\"797\" class=\"elementor elementor-797\" data-elementor-post-type=\"page\">\n\t\t\t\t\t\t<section class=\"elementor-section elementor-top-section elementor-element elementor-element-129f766 elementor-section-boxed elementor-section-height-default elementor-section-height-default\" data-id=\"129f766\" data-element_type=\"section\" data-e-type=\"section\">\n\t\t\t\t\t\t<div class=\"elementor-container elementor-column-gap-default\">\n\t\t\t\t\t<div class=\"elementor-column elementor-col-100 elementor-top-column elementor-element elementor-element-14d526a\" data-id=\"14d526a\" data-element_type=\"column\" data-e-type=\"column\">\n\t\t\t<div class=\"elementor-widget-wrap elementor-element-populated\">\n\t\t\t\t\t\t<div class=\"elementor-element elementor-element-fee18ff elementor-widget elementor-widget-heading\" data-id=\"fee18ff\" data-element_type=\"widget\" data-e-type=\"widget\" data-widget_type=\"heading.default\">\n\t\t\t\t<div class=\"elementor-widget-container\">\n\t\t\t\t\t<h2 class=\"elementor-heading-title elementor-size-default\">Energ\u00eda.<\/h2>\t\t\t\t<\/div>\n\t\t\t\t<\/div>\n\t\t\t\t\t<\/div>\n\t\t<\/div>\n\t\t\t\t\t<\/div>\n\t\t<\/section>\n\t\t\t\t<section class=\"elementor-section elementor-top-section elementor-element elementor-element-59db521 elementor-section-boxed elementor-section-height-default elementor-section-height-default\" data-id=\"59db521\" data-element_type=\"section\" data-e-type=\"section\">\n\t\t\t\t\t\t<div class=\"elementor-container elementor-column-gap-default\">\n\t\t\t\t\t<div class=\"elementor-column elementor-col-100 elementor-top-column elementor-element elementor-element-834ae44\" data-id=\"834ae44\" data-element_type=\"column\" data-e-type=\"column\">\n\t\t\t<div class=\"elementor-widget-wrap elementor-element-populated\">\n\t\t\t\t\t\t<div class=\"elementor-element elementor-element-9f45848 elementor-widget elementor-widget-text-editor\" data-id=\"9f45848\" data-element_type=\"widget\" data-e-type=\"widget\" data-widget_type=\"text-editor.default\">\n\t\t\t\t<div class=\"elementor-widget-container\">\n\t\t\t\t\t\t\t\t\t<p><strong>Comienzo de Prestaci\u00f3n:<\/strong> 29 de julio de 1956.<\/p><p><strong>Zona de Prestaci\u00f3n:<\/strong> <span class=\"goog-text-highlight\">Zona urbana y rural de Vicu\u00f1a Mackenna y Tosquita.<\/span><\/p><p><strong>Cantidad de Usuarios:<\/strong> 5743<\/p><p><strong>Tipo de Concesi\u00f3n:<\/strong> Provincial.<\/p>\t\t\t\t\t\t\t\t<\/div>\n\t\t\t\t<\/div>\n\t\t\t\t\t<\/div>\n\t\t<\/div>\n\t\t\t\t\t<\/div>\n\t\t<\/section>\n\t\t\t\t<section class=\"elementor-section elementor-top-section elementor-element elementor-element-5a8cdbb elementor-section-boxed elementor-section-height-default elementor-section-height-default\" data-id=\"5a8cdbb\" data-element_type=\"section\" data-e-type=\"section\">\n\t\t\t\t\t\t<div class=\"elementor-container elementor-column-gap-default\">\n\t\t\t\t\t<div class=\"elementor-column elementor-col-100 elementor-top-column elementor-element elementor-element-b3a5d1a\" data-id=\"b3a5d1a\" data-element_type=\"column\" data-e-type=\"column\">\n\t\t\t<div class=\"elementor-widget-wrap elementor-element-populated\">\n\t\t\t\t\t\t<div class=\"elementor-element elementor-element-9af052e elementor-widget elementor-widget-heading\" data-id=\"9af052e\" data-element_type=\"widget\" data-e-type=\"widget\" data-widget_type=\"heading.default\">\n\t\t\t\t<div class=\"elementor-widget-container\">\n\t\t\t\t\t<h2 class=\"elementor-heading-title elementor-size-default\">Tr\u00e1mites y requisitos.<\/h2>\t\t\t\t<\/div>\n\t\t\t\t<\/div>\n\t\t\t\t\t<\/div>\n\t\t<\/div>\n\t\t\t\t\t<\/div>\n\t\t<\/section>\n\t\t\t\t<section class=\"elementor-section elementor-top-section elementor-element elementor-element-6b076fb elementor-section-boxed elementor-section-height-default elementor-section-height-default\" data-id=\"6b076fb\" data-element_type=\"section\" data-e-type=\"section\">\n\t\t\t\t\t\t<div class=\"elementor-container elementor-column-gap-default\">\n\t\t\t\t\t<div class=\"elementor-column elementor-col-100 elementor-top-column elementor-element elementor-element-3fcd87e\" data-id=\"3fcd87e\" data-element_type=\"column\" data-e-type=\"column\">\n\t\t\t<div class=\"elementor-widget-wrap elementor-element-populated\">\n\t\t\t\t\t\t<div class=\"elementor-element elementor-element-9041f58 elementor-widget elementor-widget-image\" data-id=\"9041f58\" data-element_type=\"widget\" data-e-type=\"widget\" data-widget_type=\"image.default\">\n\t\t\t\t<div class=\"elementor-widget-container\">\n\t\t\t\t\t\t\t\t\t\t\t\t\t\t\t<img fetchpriority=\"high\" decoding=\"async\" width=\"700\" height=\"489\" src=\"https:\/\/ceyalcoop.com\/wp-content\/uploads\/2022\/02\/ley_seguridad_electrica11.jpg\" class=\"attachment-large size-large wp-image-798\" alt=\"\" srcset=\"https:\/\/ceyalcoop.com\/wp-content\/uploads\/2022\/02\/ley_seguridad_electrica11.jpg 700w, https:\/\/ceyalcoop.com\/wp-content\/uploads\/2022\/02\/ley_seguridad_electrica11-300x210.jpg 300w\" sizes=\"(max-width: 700px) 100vw, 700px\" \/>\t\t\t\t\t\t\t\t\t\t\t\t\t\t\t<\/div>\n\t\t\t\t<\/div>\n\t\t\t\t\t<\/div>\n\t\t<\/div>\n\t\t\t\t\t<\/div>\n\t\t<\/section>\n\t\t\t\t<section class=\"elementor-section elementor-top-section elementor-element elementor-element-1f13ea7 elementor-section-boxed elementor-section-height-default elementor-section-height-default\" data-id=\"1f13ea7\" data-element_type=\"section\" data-e-type=\"section\">\n\t\t\t\t\t\t<div class=\"elementor-container elementor-column-gap-default\">\n\t\t\t\t\t<div class=\"elementor-column elementor-col-100 elementor-top-column elementor-element elementor-element-dd0cf48\" data-id=\"dd0cf48\" data-element_type=\"column\" data-e-type=\"column\">\n\t\t\t<div class=\"elementor-widget-wrap elementor-element-populated\">\n\t\t\t\t\t\t<div class=\"elementor-element elementor-element-7748ad1 elementor-widget elementor-widget-text-editor\" data-id=\"7748ad1\" data-element_type=\"widget\" data-e-type=\"widget\" data-widget_type=\"text-editor.default\">\n\t\t\t\t<div class=\"elementor-widget-container\">\n\t\t\t\t\t\t\t\t\t<h6><strong>\u00b7 \u00a0 \u00bfCu\u00e1ndo necesito presentar el certificado con obligatoriedad?<\/strong><\/h6><h6><strong>Cuando solicite un nuevo suministro el\u00e9ctrico.<\/strong><\/h6><h6>Ante una nueva conexi\u00f3n de servicio, posterior al retiro del medidor, en instalaciones existentes, en las que se verificar\u00e1 el cumplimiento de condiciones m\u00ednimas de seguridad.<\/h6><h6>Modificaciones y ampliaciones de las instalaciones el\u00e9ctricas.<\/h6><h6>Instalaciones de uso circunstancial y car\u00e1cter provisorio.<\/h6><h6>Instalaciones de usuarios que internamente generen su propia energ\u00eda el\u00e9ctrica y se encuentren vinculadas a la red de distribuci\u00f3n.<\/h6><h6><strong>\u00b7 \u00a0 \u00bfQu\u00e9 se debe certificar para solicitar el servicio el\u00e9ctrico?<\/strong><\/h6><h6>Se debe certificar la instalaci\u00f3n del usuario y punto de conexi\u00f3n y medici\u00f3n. La certificaci\u00f3n de s\u00f3lo uno solo de estos \u00edtems es insuficiente.<\/h6><h6><strong>\u00b7 \u00a0\u00bfQu\u00e9 instalaciones el\u00e9ctricas deben contar con certificado de instalaci\u00f3n el\u00e9ctrica apta para obtener el servicio el\u00e9ctrico?<\/strong><\/h6><h6>Toda instalaci\u00f3n de usuarios del servicio el\u00e9ctrico, del sector p\u00fablico o privado, en el interior o en la v\u00eda p\u00fablica, de uso permanente o transitorio, con medici\u00f3n de consumo de energ\u00eda o no. Es decir: toda instalaci\u00f3n conectada a la red de distribuci\u00f3n de energ\u00eda el\u00e9ctrica.<\/h6><h6>\u00a0<\/h6><hr \/><h6><strong>\u00a0<\/strong><\/h6><h5><strong>A parte de la certificaci\u00f3n de un electricista matriculado, deben reunir \u00a0los requisitos \u00a0abajo detallados:<\/strong><\/h5><h6><b><u>CATEGOR\u00cdA<\/u><\/b><strong>\u00a0TRANSITORIO<\/strong><\/h6><h6>&#8211; Acreditar Titularidad del Inmueble.<\/h6><h6>&#8211; Autorizaci\u00f3n Municipal habilitante para construcci\u00f3n.<\/h6><h6>&#8211; La conexi\u00f3n tendr\u00e1 una duraci\u00f3n de 12 meses, transcurrido este lapso deber\u00e1 realizar la conexi\u00f3n definitiva o solicitar ampliaci\u00f3n de periodo.<\/h6><h6>&#8211; Cumplir los requisitos t\u00e9cnicos previos a la conexi\u00f3n.<\/h6><h6>&#8211; Copia del Documento de Identidad (con hoja del domicilio).<\/h6><h6>&#8211; Tener la Red abonada \u00f3 con plan de pago.<\/h6><h6>&#8211; Cumplir los requisitos t\u00e9cnicos previos a la conexi\u00f3n.<\/h6><h6>El tr\u00e1mite es personal. (valor $60500)<\/h6><hr \/><h6>\u00a0<\/h6><h6><b><u>CATEGOR\u00cdA<\/u><\/b><strong>\u00a0RESIDENCIAL<\/strong>\u00a0(Vivienda Familiar Exclusivamente)<\/h6><h6>Propietario:<\/h6><h6>&#8211; Acreditar Titularidad del Inmueble.<\/h6><h6>&#8211; Copia del Documento de Identidad (con hoja del domicilio).<\/h6><h6>&#8211; Tener la Red abonada \u00f3 con plan de pago.<\/h6><h6>&#8211; Cumplir los requisitos t\u00e9cnicos previos a la conexi\u00f3n.<\/h6><h6>El tr\u00e1mite es personal. (valor $77800)<\/h6><h6>No Propietario:<\/h6><h6>&#8211; Contrato de Locaci\u00f3n, o de comodato, \u00fa otro t\u00edtulo de ocupaci\u00f3n certificado por autoridad competente \u00f3 autorizaci\u00f3n firmada por el titular de la vivienda, en la oficina.<\/h6><h6>&#8211; Copia del Documento de Identidad (con hoja del domicilio).<\/h6><h6>&#8211; Tener la Red abonada \u00f3 con plan de pago.<\/h6><h6>&#8211; Abonar el dep\u00f3sito de garant\u00eda que se establezca.<\/h6><h6>&#8211; Cumplir los requisitos t\u00e9cnicos previos a la conexi\u00f3n.<\/h6><h6>El tr\u00e1mite es personal. (valor $77800+ $60000 de garant\u00eda)<\/h6><hr \/><h6>\u00a0<\/h6><h6><strong>CATEGORIA COMERCIAL<\/strong><\/h6><h6>Propietario:<\/h6><h6>&#8211; Acreditar Titularidad del Inmueble.<\/h6><h6>&#8211; Copia del Documento de Identidad (con hoja del domicilio).<\/h6><h6>&#8211; Si fuese persona Jur\u00eddica: Estatutos y\/o contrato social.<\/h6><h6>&#8211; Comprobante de situaci\u00f3n ante la AFIP firmada.<\/h6><h6>&#8211; Tener la Red abonada \u00f3 con plan de pago.<\/h6><h6>&#8211; Cumplir los requisitos t\u00e9cnicos previos a la conexi\u00f3n.<\/h6><h6>El tr\u00e1mite es personal. (valor $126700)<\/h6><h6>No Propietario:<\/h6><h6>&#8211; Contrato de Locaci\u00f3n, o de comodato, \u00fa otro t\u00edtulo de ocupaci\u00f3n certificado por autoridad competente \u00f3 autorizaci\u00f3n firmada por el titular de la vivienda , en la oficina.<\/h6><h6>&#8211; Copia del Documento de Identidad (con hoja del domicilio).<\/h6><h6>Si fuese persona Jur\u00eddica: Estatutos y\/o contrato social<\/h6><h6>&#8211; Comprobante de situaci\u00f3n ante la AFIP firmada.<\/h6><h6>&#8211; Tener la Red abonada \u00f3 con plan de pago.<\/h6><h6>&#8211; Cumplir los requisitos t\u00e9cnicos previos a la conexi\u00f3n.<\/h6><h6>El tr\u00e1mite es personal. (valor $126700 + $70000 de garant\u00eda).<\/h6>\t\t\t\t\t\t\t\t<\/div>\n\t\t\t\t<\/div>\n\t\t\t\t\t<\/div>\n\t\t<\/div>\n\t\t\t\t\t<\/div>\n\t\t<\/section>\n\t\t\t\t<section class=\"elementor-section elementor-top-section elementor-element elementor-element-bdb181e elementor-section-boxed elementor-section-height-default elementor-section-height-default\" data-id=\"bdb181e\" data-element_type=\"section\" data-e-type=\"section\">\n\t\t\t\t\t\t<div class=\"elementor-container elementor-column-gap-default\">\n\t\t\t\t\t<div class=\"elementor-column elementor-col-100 elementor-top-column elementor-element elementor-element-00d4fdc\" data-id=\"00d4fdc\" data-element_type=\"column\" data-e-type=\"column\">\n\t\t\t<div class=\"elementor-widget-wrap elementor-element-populated\">\n\t\t\t\t\t\t<div class=\"elementor-element elementor-element-2965972 elementor-widget elementor-widget-heading\" data-id=\"2965972\" data-element_type=\"widget\" data-e-type=\"widget\" data-widget_type=\"heading.default\">\n\t\t\t\t<div class=\"elementor-widget-container\">\n\t\t\t\t\t<h2 class=\"elementor-heading-title elementor-size-default\">Tarifas.<\/h2>\t\t\t\t<\/div>\n\t\t\t\t<\/div>\n\t\t\t\t<div class=\"elementor-element elementor-element-cd8e344 elementor-widget elementor-widget-text-editor\" data-id=\"cd8e344\" data-element_type=\"widget\" data-e-type=\"widget\" data-widget_type=\"text-editor.default\">\n\t\t\t\t<div class=\"elementor-widget-container\">\n\t\t\t\t\t\t\t\t\t<p><strong>Est\u00e1 a su disposici\u00f3n, de forma detallada, el cuadro tarifario para que pueda ver los consumos y sus respectivas tarifas.<\/strong><\/p>\t\t\t\t\t\t\t\t<\/div>\n\t\t\t\t<\/div>\n\t\t\t\t\t<\/div>\n\t\t<\/div>\n\t\t\t\t\t<\/div>\n\t\t<\/section>\n\t\t\t\t<section class=\"elementor-section elementor-top-section elementor-element elementor-element-acba68f elementor-section-boxed elementor-section-height-default elementor-section-height-default\" data-id=\"acba68f\" data-element_type=\"section\" data-e-type=\"section\">\n\t\t\t\t\t\t<div class=\"elementor-container elementor-column-gap-default\">\n\t\t\t\t\t<div class=\"elementor-column elementor-col-100 elementor-top-column elementor-element elementor-element-1cfaa59\" data-id=\"1cfaa59\" data-element_type=\"column\" data-e-type=\"column\">\n\t\t\t<div class=\"elementor-widget-wrap elementor-element-populated\">\n\t\t\t\t\t\t<div class=\"elementor-element elementor-element-0a84c57 elementor-align-center elementor-widget elementor-widget-button\" data-id=\"0a84c57\" data-element_type=\"widget\" data-e-type=\"widget\" data-widget_type=\"button.default\">\n\t\t\t\t<div class=\"elementor-widget-container\">\n\t\t\t\t\t\t\t\t\t<div class=\"elementor-button-wrapper\">\n\t\t\t\t\t<a class=\"elementor-button elementor-button-link elementor-size-md elementor-animation-shrink\" href=\"https:\/\/drive.google.com\/file\/d\/1hhlH-C-Ev_8biLy76c_7jdWvSKYGLdjp\/view\">\n\t\t\t\t\t\t<span class=\"elementor-button-content-wrapper\">\n\t\t\t\t\t\t\t\t\t<span class=\"elementor-button-text\">Abrir cuadro<\/span>\n\t\t\t\t\t<\/span>\n\t\t\t\t\t<\/a>\n\t\t\t\t<\/div>\n\t\t\t\t\t\t\t\t<\/div>\n\t\t\t\t<\/div>\n\t\t\t\t\t<\/div>\n\t\t<\/div>\n\t\t\t\t\t<\/div>\n\t\t<\/section>\n\t\t\t\t<\/div>\n\t\t","protected":false},"excerpt":{"rendered":"<p>Energ\u00eda. Comienzo de Prestaci\u00f3n: 29 de julio de 1956. Zona de Prestaci\u00f3n: Zona urbana y rural de Vicu\u00f1a Mackenna y Tosquita. Cantidad de Usuarios: 5743 Tipo de Concesi\u00f3n: Provincial. Tr\u00e1mites y requisitos. \u00b7 \u00a0 \u00bfCu\u00e1ndo necesito presentar el certificado con obligatoriedad? Cuando solicite un nuevo suministro el\u00e9ctrico. Ante una nueva conexi\u00f3n de servicio, posterior al [&hellip;]<\/p>\n","protected":false},"author":3,"featured_media":0,"parent":0,"menu_order":0,"comment_status":"closed","ping_status":"closed","template":"","meta":{"footnotes":""},"class_list":["post-797","page","type-page","status-publish","hentry"],"_links":{"self":[{"href":"https:\/\/ceyalcoop.com\/index.php\/wp-json\/wp\/v2\/pages\/797","targetHints":{"allow":["GET"]}}],"collection":[{"href":"https:\/\/ceyalcoop.com\/index.php\/wp-json\/wp\/v2\/pages"}],"about":[{"href":"https:\/\/ceyalcoop.com\/index.php\/wp-json\/wp\/v2\/types\/page"}],"author":[{"embeddable":true,"href":"https:\/\/ceyalcoop.com\/index.php\/wp-json\/wp\/v2\/users\/3"}],"replies":[{"embeddable":true,"href":"https:\/\/ceyalcoop.com\/index.php\/wp-json\/wp\/v2\/comments?post=797"}],"version-history":[{"count":42,"href":"https:\/\/ceyalcoop.com\/index.php\/wp-json\/wp\/v2\/pages\/797\/revisions"}],"predecessor-version":[{"id":6652,"href":"https:\/\/ceyalcoop.com\/index.php\/wp-json\/wp\/v2\/pages\/797\/revisions\/6652"}],"wp:attachment":[{"href":"https:\/\/ceyalcoop.com\/index.php\/wp-json\/wp\/v2\/media?parent=797"}],"curies":[{"name":"wp","href":"https:\/\/api.w.org\/{rel}","templated":true}]}}